{"id":3319,"date":"2020-10-08T12:34:33","date_gmt":"2020-10-08T10:34:33","guid":{"rendered":"https:\/\/www.daxor.pl\/?page_id=3319"},"modified":"2020-10-19T19:45:46","modified_gmt":"2020-10-19T17:45:46","slug":"przylacza-lamelowe","status":"publish","type":"page","link":"https:\/\/www.daxor.pl\/?page_id=3319","title":{"rendered":"Przy\u0142\u0105cza lamelowe"},"content":{"rendered":"\t\t<div data-elementor-type=\"wp-page\" data-elementor-id=\"3319\" class=\"elementor elementor-3319\">\n\t\t\t\t\t\t<section class=\"elementor-section elementor-top-section elementor-element elementor-element-2d9d64f2 elementor-section-boxed elementor-section-height-default elementor-section-height-default\" data-id=\"2d9d64f2\" data-element_type=\"section\">\n\t\t\t\t\t\t<div class=\"elementor-container elementor-column-gap-default\">\n\t\t\t\t\t<div class=\"elementor-column elementor-col-100 elementor-top-column elementor-element elementor-element-2015852d\" data-id=\"2015852d\" data-element_type=\"column\">\n\t\t\t<div class=\"elementor-widget-wrap elementor-element-populated\">\n\t\t\t\t\t\t<div class=\"elementor-element elementor-element-2f3db074 elementor-widget elementor-widget-wp-widget-bcn_widget\" data-id=\"2f3db074\" data-element_type=\"widget\" data-widget_type=\"wp-widget-bcn_widget.default\">\n\t\t\t\t<div class=\"elementor-widget-container\">\n\t\t\t\t\t<div class=\"breadcrumbs\" vocab=\"https:\/\/schema.org\/\" typeof=\"BreadcrumbList\"><!-- Breadcrumb NavXT 7.4.1 -->\n<span property=\"itemListElement\" typeof=\"ListItem\"><a property=\"item\" typeof=\"WebPage\" title=\"Przejd\u017a do Daxor.\" href=\"https:\/\/www.daxor.pl\" class=\"home\" aria-current=\"page\"><span property=\"name\">Daxor<\/span><\/a><meta property=\"position\" content=\"1\"><\/span><\/div>\t\t\t\t<\/div>\n\t\t\t\t<\/div>\n\t\t\t\t\t<\/div>\n\t\t<\/div>\n\t\t\t\t\t<\/div>\n\t\t<\/section>\n\t\t\t\t<section class=\"elementor-section elementor-top-section elementor-element elementor-element-714dd224 elementor-section-boxed elementor-section-height-default elementor-section-height-default\" data-id=\"714dd224\" data-element_type=\"section\">\n\t\t\t\t\t\t<div class=\"elementor-container elementor-column-gap-default\">\n\t\t\t\t\t<div class=\"elementor-column elementor-col-33 elementor-top-column elementor-element elementor-element-5e23fb16\" data-id=\"5e23fb16\" data-element_type=\"column\">\n\t\t\t<div class=\"elementor-widget-wrap elementor-element-populated\">\n\t\t\t\t\t\t<div class=\"elementor-element elementor-element-1d190b4b elementor-widget elementor-widget-heading\" data-id=\"1d190b4b\" data-element_type=\"widget\" data-widget_type=\"heading.default\">\n\t\t\t\t<div class=\"elementor-widget-container\">\n\t\t\t\t\t<h5 class=\"elementor-heading-title elementor-size-default\"><a href=\"https:\/\/www.daxor.pl\/?page_id=3122\">Przy\u0142\u0105cza pr\u0105dowe<\/a><\/h5>\t\t\t\t<\/div>\n\t\t\t\t<\/div>\n\t\t\t\t<div class=\"elementor-element elementor-element-47fb710d elementor-widget elementor-widget-wp-widget-nav_menu\" data-id=\"47fb710d\" data-element_type=\"widget\" data-widget_type=\"wp-widget-nav_menu.default\">\n\t\t\t\t<div class=\"elementor-widget-container\">\n\t\t\t\t\t<div class=\"menu-przylacza-pradowe-container\"><ul id=\"menu-przylacza-pradowe\" class=\"menu\"><li id=\"menu-item-3330\" class=\"menu-item menu-item-type-post_type menu-item-object-page menu-item-3330\"><a href=\"https:\/\/www.daxor.pl\/?page_id=3319\">Przy\u0142\u0105cza lamelowe<\/a><\/li>\n<li id=\"menu-item-3331\" class=\"menu-item menu-item-type-post_type menu-item-object-page menu-item-3331\"><a href=\"https:\/\/www.daxor.pl\/?page_id=3320\">Sploty miedziane<\/a><\/li>\n<li id=\"menu-item-3332\" class=\"menu-item menu-item-type-post_type menu-item-object-page menu-item-3332\"><a href=\"https:\/\/www.daxor.pl\/?page_id=3321\">Kable ch\u0142odzone wod\u0105 i powietrzem<\/a><\/li>\n<li id=\"menu-item-3333\" class=\"menu-item menu-item-type-post_type menu-item-object-page menu-item-3333\"><a href=\"https:\/\/www.daxor.pl\/?page_id=3323\">Szyny pr\u0105dowe<\/a><\/li>\n<li id=\"menu-item-3334\" class=\"menu-item menu-item-type-post_type menu-item-object-page menu-item-3334\"><a href=\"https:\/\/www.daxor.pl\/?page_id=3324\">Kszta\u0142tki i z\u0142\u0105cza do maszyn i pojazd\u00f3w<\/a><\/li>\n<\/ul><\/div>\t\t\t\t<\/div>\n\t\t\t\t<\/div>\n\t\t\t\t\t<\/div>\n\t\t<\/div>\n\t\t\t\t<div class=\"elementor-column elementor-col-66 elementor-top-column elementor-element elementor-element-c4b1761\" data-id=\"c4b1761\" data-element_type=\"column\">\n\t\t\t<div class=\"elementor-widget-wrap elementor-element-populated\">\n\t\t\t\t\t\t<div class=\"elementor-element elementor-element-4423c8db elementor-widget elementor-widget-heading\" data-id=\"4423c8db\" data-element_type=\"widget\" data-widget_type=\"heading.default\">\n\t\t\t\t<div class=\"elementor-widget-container\">\n\t\t\t\t\t<h2 class=\"elementor-heading-title elementor-size-default\">Przy\u0142\u0105cza lamelowe<\/h2>\t\t\t\t<\/div>\n\t\t\t\t<\/div>\n\t\t\t\t<section class=\"elementor-section elementor-inner-section elementor-element elementor-element-44191290 elementor-section-boxed elementor-section-height-default elementor-section-height-default\" data-id=\"44191290\" data-element_type=\"section\">\n\t\t\t\t\t\t<div class=\"elementor-container elementor-column-gap-default\">\n\t\t\t\t\t<div class=\"elementor-column elementor-col-50 elementor-inner-column elementor-element elementor-element-3cb1595e\" data-id=\"3cb1595e\" data-element_type=\"column\">\n\t\t\t<div class=\"elementor-widget-wrap elementor-element-populated\">\n\t\t\t\t\t\t<div class=\"elementor-element elementor-element-4a596593 elementor-widget elementor-widget-image\" data-id=\"4a596593\" data-element_type=\"widget\" data-widget_type=\"image.default\">\n\t\t\t\t<div class=\"elementor-widget-container\">\n\t\t\t\t\t\t\t\t\t\t\t\t\t\t\t\t<a href=\"https:\/\/www.daxor.pl\/?page_id=3122\">\n\t\t\t\t\t\t\t<img fetchpriority=\"high\" decoding=\"async\" width=\"300\" height=\"180\" src=\"https:\/\/www.daxor.pl\/wp-content\/uploads\/2020\/10\/lamelowe-1-300x180.jpg\" class=\"attachment-medium size-medium wp-image-3345\" alt=\"\" srcset=\"https:\/\/www.daxor.pl\/wp-content\/uploads\/2020\/10\/lamelowe-1-300x180.jpg 300w, https:\/\/www.daxor.pl\/wp-content\/uploads\/2020\/10\/lamelowe-1.jpg 504w\" sizes=\"(max-width: 300px) 100vw, 300px\" \/>\t\t\t\t\t\t\t\t<\/a>\n\t\t\t\t\t\t\t\t\t\t\t\t\t\t\t<\/div>\n\t\t\t\t<\/div>\n\t\t\t\t\t<\/div>\n\t\t<\/div>\n\t\t\t\t<div class=\"elementor-column elementor-col-50 elementor-inner-column elementor-element elementor-element-445c9665\" data-id=\"445c9665\" data-element_type=\"column\">\n\t\t\t<div class=\"elementor-widget-wrap elementor-element-populated\">\n\t\t\t\t\t\t<div class=\"elementor-element elementor-element-f200816 elementor-widget elementor-widget-image\" data-id=\"f200816\" data-element_type=\"widget\" data-widget_type=\"image.default\">\n\t\t\t\t<div class=\"elementor-widget-container\">\n\t\t\t\t\t\t\t\t\t\t\t\t\t\t\t\t<a href=\"https:\/\/www.daxor.pl\/?page_id=3123\">\n\t\t\t\t\t\t\t<img decoding=\"async\" width=\"300\" height=\"179\" src=\"https:\/\/www.daxor.pl\/wp-content\/uploads\/2020\/10\/lamelowe-2-300x179.jpg\" class=\"attachment-medium size-medium wp-image-3346\" alt=\"\" srcset=\"https:\/\/www.daxor.pl\/wp-content\/uploads\/2020\/10\/lamelowe-2-300x179.jpg 300w, https:\/\/www.daxor.pl\/wp-content\/uploads\/2020\/10\/lamelowe-2.jpg 504w\" sizes=\"(max-width: 300px) 100vw, 300px\" \/>\t\t\t\t\t\t\t\t<\/a>\n\t\t\t\t\t\t\t\t\t\t\t\t\t\t\t<\/div>\n\t\t\t\t<\/div>\n\t\t\t\t\t<\/div>\n\t\t<\/div>\n\t\t\t\t\t<\/div>\n\t\t<\/section>\n\t\t\t\t<div class=\"elementor-element elementor-element-1045b8b elementor-widget elementor-widget-text-editor\" data-id=\"1045b8b\" data-element_type=\"widget\" data-widget_type=\"text-editor.default\">\n\t\t\t\t<div class=\"elementor-widget-container\">\n\t\t\t\t\t\t\t\t\t<p>Ta\u015bmy listwowe to elastyczne po\u0142\u0105czenia wykonane z kilku warstw folii miedzianej. Ich wysoka elastyczno\u015b\u0107 zale\u017cy przede wszystkim od grubo\u015bci i wytrzyma\u0142o\u015bci poszczeg\u00f3lnych lameli (od 0,04 mm do 0,7 mm), jak r\u00f3wnie\u017c od konstrukcji i sposobu wytwarzania. Ko\u0144ce ta\u015bm s\u0105 nitowane lub spawane w kompaktowe z\u0142\u0105cza.<\/p>\n<p><span style=\"font-style: inherit; font-weight: inherit;\">Ta\u015bmy listwowe s\u0105 u\u017cywane g\u0142\u00f3wnie w celu unikni\u0119cia uszkodze\u0144 mechanicznych wsz\u0119dzie tam, gdzie urz\u0105dzenia i maszyny s\u0105 poddawane wstrz\u0105som i wibracjom, i gdzie nie mo\u017cna ich sztywno po\u0142\u0105czy\u0107. Ponadto mo\u017cliwe jest kompensowanie rozszerzalno\u015bci cieplnej i b\u0142\u0119d\u00f3w wymiarowania, kt\u00f3re wyst\u0119puj\u0105 podczas monta\u017cu.&nbsp;<br><\/span><span style=\"font-style: inherit; font-weight: inherit;\"><br>Opr\u00f3cz wersji standardowej powierzchnie stykowe lub powierzchnie wszystkich miedzianych pask\u00f3w mog\u0105 by\u0107 cynowane lub posrebrzane. Otwory, gwinty lub dalsze frezowanie odbywa si\u0119 zgodnie z Pa\u0144stwa \u017cyczeniami!<\/span><\/p>\n<div><b>Obszary zastosowania:<\/b><\/div>\n<div>Po\u0142\u0105czenia kompensacyjne pomi\u0119dzy:<\/div>\n<div>&#8211; szynami pr\u0105dowymi<\/div>\n<div>&#8211; szynami zbiorczymi i transformatorami lub generatorami<br>&#8211; silnikami i cz\u0119\u015bciami maszyn<\/div>\n<div><br>Tak\u017ce w:<\/div>\n<div>&#8211; w\u0119z\u0142ach spawalniczych<br>&#8211; rozdzielnicach i zespo\u0142ach prze\u0142\u0105cznikowych<\/div>\n<div>&#8211; robotach<\/div>\n<div><br><\/div>\n<div>&nbsp;<\/div>\t\t\t\t\t\t\t\t<\/div>\n\t\t\t\t<\/div>\n\t\t\t\t\t<\/div>\n\t\t<\/div>\n\t\t\t\t\t<\/div>\n\t\t<\/section>\n\t\t\t\t<\/div>\n\t\t","protected":false},"excerpt":{"rendered":"<p>Przy\u0142\u0105cza pr\u0105dowe Przy\u0142\u0105cza lamelowe Ta\u015bmy listwowe to elastyczne po\u0142\u0105czenia wykonane z kilku warstw folii miedzianej. Ich wysoka elastyczno\u015b\u0107 zale\u017cy przede wszystkim od grubo\u015bci i wytrzyma\u0142o\u015bci poszczeg\u00f3lnych lameli (od 0,04 mm do 0,7 mm), jak r\u00f3wnie\u017c od konstrukcji i sposobu wytwarzania. Ko\u0144ce ta\u015bm s\u0105 nitowane lub spawane w kompaktowe z\u0142\u0105cza. Ta\u015bmy listwowe s\u0105 u\u017cywane g\u0142\u00f3wnie w [&hellip;]<\/p>\n","protected":false},"author":1,"featured_media":0,"parent":1405,"menu_order":0,"comment_status":"closed","ping_status":"closed","template":"page-templates\/pagebuilder.php","meta":{"zakra_page_container_layout":"customizer","zakra_page_sidebar_layout":"customizer","zakra_remove_content_margin":false,"zakra_sidebar":"customizer","zakra_transparent_header":"customizer","zakra_logo":0,"zakra_main_header_style":"default","zakra_menu_item_color":"","zakra_menu_item_hover_color":"","zakra_menu_item_active_color":"","zakra_menu_active_style":"","zakra_page_header":true,"footnotes":""},"class_list":["post-3319","page","type-page","status-publish","hentry"],"yoast_head":"<!-- This site is optimized with the Yoast SEO plugin v26.4 - https:\/\/yoast.com\/wordpress\/plugins\/seo\/ -->\n<title>Przy\u0142\u0105cza lamelowe - Daxor<\/title>\n<meta name=\"robots\" content=\"index, follow, max-snippet:-1, max-image-preview:large, max-video-preview:-1\" \/>\n<link rel=\"canonical\" href=\"https:\/\/www.daxor.pl\/?page_id=3319\" \/>\n<meta property=\"og:locale\" content=\"pl_PL\" \/>\n<meta property=\"og:type\" content=\"article\" \/>\n<meta property=\"og:title\" content=\"Przy\u0142\u0105cza lamelowe - Daxor\" \/>\n<meta property=\"og:description\" content=\"Przy\u0142\u0105cza pr\u0105dowe Przy\u0142\u0105cza lamelowe Ta\u015bmy listwowe to elastyczne po\u0142\u0105czenia wykonane z kilku warstw folii miedzianej. Ich wysoka elastyczno\u015b\u0107 zale\u017cy przede wszystkim od grubo\u015bci i wytrzyma\u0142o\u015bci poszczeg\u00f3lnych lameli (od 0,04 mm do 0,7 mm), jak r\u00f3wnie\u017c od konstrukcji i sposobu wytwarzania. Ko\u0144ce ta\u015bm s\u0105 nitowane lub spawane w kompaktowe z\u0142\u0105cza. Ta\u015bmy listwowe s\u0105 u\u017cywane g\u0142\u00f3wnie w [&hellip;]\" \/>\n<meta property=\"og:url\" content=\"https:\/\/www.daxor.pl\/?page_id=3319\" \/>\n<meta property=\"og:site_name\" content=\"Daxor\" \/>\n<meta property=\"article:modified_time\" content=\"2020-10-19T17:45:46+00:00\" \/>\n<meta property=\"og:image\" content=\"https:\/\/www.daxor.pl\/wp-content\/uploads\/2020\/10\/lamelowe-1-300x180.jpg\" \/>\n<meta name=\"twitter:card\" content=\"summary_large_image\" \/>\n<meta name=\"twitter:label1\" content=\"Szacowany czas czytania\" \/>\n\t<meta name=\"twitter:data1\" content=\"1 minuta\" \/>\n<script type=\"application\/ld+json\" class=\"yoast-schema-graph\">{\"@context\":\"https:\/\/schema.org\",\"@graph\":[{\"@type\":\"WebPage\",\"@id\":\"https:\/\/www.daxor.pl\/?page_id=3319\",\"url\":\"https:\/\/www.daxor.pl\/?page_id=3319\",\"name\":\"Przy\u0142\u0105cza lamelowe - Daxor\",\"isPartOf\":{\"@id\":\"https:\/\/www.daxor.pl\/#website\"},\"primaryImageOfPage\":{\"@id\":\"https:\/\/www.daxor.pl\/?page_id=3319#primaryimage\"},\"image\":{\"@id\":\"https:\/\/www.daxor.pl\/?page_id=3319#primaryimage\"},\"thumbnailUrl\":\"https:\/\/www.daxor.pl\/wp-content\/uploads\/2020\/10\/lamelowe-1-300x180.jpg\",\"datePublished\":\"2020-10-08T10:34:33+00:00\",\"dateModified\":\"2020-10-19T17:45:46+00:00\",\"breadcrumb\":{\"@id\":\"https:\/\/www.daxor.pl\/?page_id=3319#breadcrumb\"},\"inLanguage\":\"pl-PL\",\"potentialAction\":[{\"@type\":\"ReadAction\",\"target\":[\"https:\/\/www.daxor.pl\/?page_id=3319\"]}]},{\"@type\":\"ImageObject\",\"inLanguage\":\"pl-PL\",\"@id\":\"https:\/\/www.daxor.pl\/?page_id=3319#primaryimage\",\"url\":\"https:\/\/www.daxor.pl\/wp-content\/uploads\/2020\/10\/lamelowe-1.jpg\",\"contentUrl\":\"https:\/\/www.daxor.pl\/wp-content\/uploads\/2020\/10\/lamelowe-1.jpg\",\"width\":504,\"height\":302},{\"@type\":\"BreadcrumbList\",\"@id\":\"https:\/\/www.daxor.pl\/?page_id=3319#breadcrumb\",\"itemListElement\":[{\"@type\":\"ListItem\",\"position\":1,\"name\":\"Strona g\u0142\u00f3wna\",\"item\":\"https:\/\/www.daxor.pl\/\"},{\"@type\":\"ListItem\",\"position\":2,\"name\":\"Strona g\u0142\u00f3wna\",\"item\":\"https:\/\/www.daxor.pl\/\"},{\"@type\":\"ListItem\",\"position\":3,\"name\":\"Oferta\",\"item\":\"https:\/\/www.daxor.pl\/?page_id=1317\"},{\"@type\":\"ListItem\",\"position\":4,\"name\":\"Przy\u0142\u0105cza pr\u0105dowe\",\"item\":\"https:\/\/www.daxor.pl\/?page_id=1405\"},{\"@type\":\"ListItem\",\"position\":5,\"name\":\"Przy\u0142\u0105cza lamelowe\"}]},{\"@type\":\"WebSite\",\"@id\":\"https:\/\/www.daxor.pl\/#website\",\"url\":\"https:\/\/www.daxor.pl\/\",\"name\":\"Daxor\",\"description\":\"Dostawa i dob\u00f3r najlepszych cz\u0119\u015bci na potrzeby produkcji, utrzymania ruchu oraz remont\u00f3w\",\"publisher\":{\"@id\":\"https:\/\/www.daxor.pl\/#organization\"},\"potentialAction\":[{\"@type\":\"SearchAction\",\"target\":{\"@type\":\"EntryPoint\",\"urlTemplate\":\"https:\/\/www.daxor.pl\/?s={search_term_string}\"},\"query-input\":{\"@type\":\"PropertyValueSpecification\",\"valueRequired\":true,\"valueName\":\"search_term_string\"}}],\"inLanguage\":\"pl-PL\"},{\"@type\":\"Organization\",\"@id\":\"https:\/\/www.daxor.pl\/#organization\",\"name\":\"Daxor\",\"url\":\"https:\/\/www.daxor.pl\/\",\"logo\":{\"@type\":\"ImageObject\",\"inLanguage\":\"pl-PL\",\"@id\":\"https:\/\/www.daxor.pl\/#\/schema\/logo\/image\/\",\"url\":\"https:\/\/www.daxor.pl\/wp-content\/uploads\/2020\/09\/logo_white.png\",\"contentUrl\":\"https:\/\/www.daxor.pl\/wp-content\/uploads\/2020\/09\/logo_white.png\",\"width\":188,\"height\":60,\"caption\":\"Daxor\"},\"image\":{\"@id\":\"https:\/\/www.daxor.pl\/#\/schema\/logo\/image\/\"}}]}<\/script>\n<!-- \/ Yoast SEO plugin. -->","yoast_head_json":{"title":"Przy\u0142\u0105cza lamelowe - Daxor","robots":{"index":"index","follow":"follow","max-snippet":"max-snippet:-1","max-image-preview":"max-image-preview:large","max-video-preview":"max-video-preview:-1"},"canonical":"https:\/\/www.daxor.pl\/?page_id=3319","og_locale":"pl_PL","og_type":"article","og_title":"Przy\u0142\u0105cza lamelowe - Daxor","og_description":"Przy\u0142\u0105cza pr\u0105dowe Przy\u0142\u0105cza lamelowe Ta\u015bmy listwowe to elastyczne po\u0142\u0105czenia wykonane z kilku warstw folii miedzianej. Ich wysoka elastyczno\u015b\u0107 zale\u017cy przede wszystkim od grubo\u015bci i wytrzyma\u0142o\u015bci poszczeg\u00f3lnych lameli (od 0,04 mm do 0,7 mm), jak r\u00f3wnie\u017c od konstrukcji i sposobu wytwarzania. Ko\u0144ce ta\u015bm s\u0105 nitowane lub spawane w kompaktowe z\u0142\u0105cza. Ta\u015bmy listwowe s\u0105 u\u017cywane g\u0142\u00f3wnie w [&hellip;]","og_url":"https:\/\/www.daxor.pl\/?page_id=3319","og_site_name":"Daxor","article_modified_time":"2020-10-19T17:45:46+00:00","og_image":[{"url":"https:\/\/www.daxor.pl\/wp-content\/uploads\/2020\/10\/lamelowe-1-300x180.jpg","type":"","width":"","height":""}],"twitter_card":"summary_large_image","twitter_misc":{"Szacowany czas czytania":"1 minuta"},"schema":{"@context":"https:\/\/schema.org","@graph":[{"@type":"WebPage","@id":"https:\/\/www.daxor.pl\/?page_id=3319","url":"https:\/\/www.daxor.pl\/?page_id=3319","name":"Przy\u0142\u0105cza lamelowe - Daxor","isPartOf":{"@id":"https:\/\/www.daxor.pl\/#website"},"primaryImageOfPage":{"@id":"https:\/\/www.daxor.pl\/?page_id=3319#primaryimage"},"image":{"@id":"https:\/\/www.daxor.pl\/?page_id=3319#primaryimage"},"thumbnailUrl":"https:\/\/www.daxor.pl\/wp-content\/uploads\/2020\/10\/lamelowe-1-300x180.jpg","datePublished":"2020-10-08T10:34:33+00:00","dateModified":"2020-10-19T17:45:46+00:00","breadcrumb":{"@id":"https:\/\/www.daxor.pl\/?page_id=3319#breadcrumb"},"inLanguage":"pl-PL","potentialAction":[{"@type":"ReadAction","target":["https:\/\/www.daxor.pl\/?page_id=3319"]}]},{"@type":"ImageObject","inLanguage":"pl-PL","@id":"https:\/\/www.daxor.pl\/?page_id=3319#primaryimage","url":"https:\/\/www.daxor.pl\/wp-content\/uploads\/2020\/10\/lamelowe-1.jpg","contentUrl":"https:\/\/www.daxor.pl\/wp-content\/uploads\/2020\/10\/lamelowe-1.jpg","width":504,"height":302},{"@type":"BreadcrumbList","@id":"https:\/\/www.daxor.pl\/?page_id=3319#breadcrumb","itemListElement":[{"@type":"ListItem","position":1,"name":"Strona g\u0142\u00f3wna","item":"https:\/\/www.daxor.pl\/"},{"@type":"ListItem","position":2,"name":"Strona g\u0142\u00f3wna","item":"https:\/\/www.daxor.pl\/"},{"@type":"ListItem","position":3,"name":"Oferta","item":"https:\/\/www.daxor.pl\/?page_id=1317"},{"@type":"ListItem","position":4,"name":"Przy\u0142\u0105cza pr\u0105dowe","item":"https:\/\/www.daxor.pl\/?page_id=1405"},{"@type":"ListItem","position":5,"name":"Przy\u0142\u0105cza lamelowe"}]},{"@type":"WebSite","@id":"https:\/\/www.daxor.pl\/#website","url":"https:\/\/www.daxor.pl\/","name":"Daxor","description":"Dostawa i dob\u00f3r najlepszych cz\u0119\u015bci na potrzeby produkcji, utrzymania ruchu oraz remont\u00f3w","publisher":{"@id":"https:\/\/www.daxor.pl\/#organization"},"potentialAction":[{"@type":"SearchAction","target":{"@type":"EntryPoint","urlTemplate":"https:\/\/www.daxor.pl\/?s={search_term_string}"},"query-input":{"@type":"PropertyValueSpecification","valueRequired":true,"valueName":"search_term_string"}}],"inLanguage":"pl-PL"},{"@type":"Organization","@id":"https:\/\/www.daxor.pl\/#organization","name":"Daxor","url":"https:\/\/www.daxor.pl\/","logo":{"@type":"ImageObject","inLanguage":"pl-PL","@id":"https:\/\/www.daxor.pl\/#\/schema\/logo\/image\/","url":"https:\/\/www.daxor.pl\/wp-content\/uploads\/2020\/09\/logo_white.png","contentUrl":"https:\/\/www.daxor.pl\/wp-content\/uploads\/2020\/09\/logo_white.png","width":188,"height":60,"caption":"Daxor"},"image":{"@id":"https:\/\/www.daxor.pl\/#\/schema\/logo\/image\/"}}]}},"_links":{"self":[{"href":"https:\/\/www.daxor.pl\/index.php?rest_route=\/wp\/v2\/pages\/3319","targetHints":{"allow":["GET"]}}],"collection":[{"href":"https:\/\/www.daxor.pl\/index.php?rest_route=\/wp\/v2\/pages"}],"about":[{"href":"https:\/\/www.daxor.pl\/index.php?rest_route=\/wp\/v2\/types\/page"}],"author":[{"embeddable":true,"href":"https:\/\/www.daxor.pl\/index.php?rest_route=\/wp\/v2\/users\/1"}],"replies":[{"embeddable":true,"href":"https:\/\/www.daxor.pl\/index.php?rest_route=%2Fwp%2Fv2%2Fcomments&post=3319"}],"version-history":[{"count":3,"href":"https:\/\/www.daxor.pl\/index.php?rest_route=\/wp\/v2\/pages\/3319\/revisions"}],"predecessor-version":[{"id":3562,"href":"https:\/\/www.daxor.pl\/index.php?rest_route=\/wp\/v2\/pages\/3319\/revisions\/3562"}],"up":[{"embeddable":true,"href":"https:\/\/www.daxor.pl\/index.php?rest_route=\/wp\/v2\/pages\/1405"}],"wp:attachment":[{"href":"https:\/\/www.daxor.pl\/index.php?rest_route=%2Fwp%2Fv2%2Fmedia&parent=3319"}],"curies":[{"name":"wp","href":"https:\/\/api.w.org\/{rel}","templated":true}]}}