{"id":3320,"date":"2020-10-08T12:34:33","date_gmt":"2020-10-08T10:34:33","guid":{"rendered":"https:\/\/www.daxor.pl\/?page_id=3320"},"modified":"2020-10-19T19:44:48","modified_gmt":"2020-10-19T17:44:48","slug":"sploty-miedziane","status":"publish","type":"page","link":"https:\/\/www.daxor.pl\/?page_id=3320","title":{"rendered":"Sploty miedziane"},"content":{"rendered":"\t\t<div data-elementor-type=\"wp-page\" data-elementor-id=\"3320\" class=\"elementor elementor-3320\">\n\t\t\t\t\t\t<section class=\"elementor-section elementor-top-section elementor-element elementor-element-2a15d127 elementor-section-boxed elementor-section-height-default elementor-section-height-default\" data-id=\"2a15d127\" data-element_type=\"section\">\n\t\t\t\t\t\t<div class=\"elementor-container elementor-column-gap-default\">\n\t\t\t\t\t<div class=\"elementor-column elementor-col-100 elementor-top-column elementor-element elementor-element-3840361d\" data-id=\"3840361d\" data-element_type=\"column\">\n\t\t\t<div class=\"elementor-widget-wrap elementor-element-populated\">\n\t\t\t\t\t\t<div class=\"elementor-element elementor-element-5331d5a0 elementor-widget elementor-widget-wp-widget-bcn_widget\" data-id=\"5331d5a0\" data-element_type=\"widget\" data-widget_type=\"wp-widget-bcn_widget.default\">\n\t\t\t\t<div class=\"elementor-widget-container\">\n\t\t\t\t\t<div class=\"breadcrumbs\" vocab=\"https:\/\/schema.org\/\" typeof=\"BreadcrumbList\"><!-- Breadcrumb NavXT 7.4.1 -->\n<span property=\"itemListElement\" typeof=\"ListItem\"><a property=\"item\" typeof=\"WebPage\" title=\"Przejd\u017a do Daxor.\" href=\"https:\/\/www.daxor.pl\" class=\"home\" aria-current=\"page\"><span property=\"name\">Daxor<\/span><\/a><meta property=\"position\" content=\"1\"><\/span><\/div>\t\t\t\t<\/div>\n\t\t\t\t<\/div>\n\t\t\t\t\t<\/div>\n\t\t<\/div>\n\t\t\t\t\t<\/div>\n\t\t<\/section>\n\t\t\t\t<section class=\"elementor-section elementor-top-section elementor-element elementor-element-26b31268 elementor-section-boxed elementor-section-height-default elementor-section-height-default\" data-id=\"26b31268\" data-element_type=\"section\">\n\t\t\t\t\t\t<div class=\"elementor-container elementor-column-gap-default\">\n\t\t\t\t\t<div class=\"elementor-column elementor-col-33 elementor-top-column elementor-element elementor-element-114d1971\" data-id=\"114d1971\" data-element_type=\"column\">\n\t\t\t<div class=\"elementor-widget-wrap elementor-element-populated\">\n\t\t\t\t\t\t<div class=\"elementor-element elementor-element-22d68562 elementor-widget elementor-widget-heading\" data-id=\"22d68562\" data-element_type=\"widget\" data-widget_type=\"heading.default\">\n\t\t\t\t<div class=\"elementor-widget-container\">\n\t\t\t\t\t<h5 class=\"elementor-heading-title elementor-size-default\"><a href=\"https:\/\/www.daxor.pl\/?page_id=3122\">Przy\u0142\u0105cza pr\u0105dowe<\/a><\/h5>\t\t\t\t<\/div>\n\t\t\t\t<\/div>\n\t\t\t\t<div class=\"elementor-element elementor-element-6119bead elementor-widget elementor-widget-wp-widget-nav_menu\" data-id=\"6119bead\" data-element_type=\"widget\" data-widget_type=\"wp-widget-nav_menu.default\">\n\t\t\t\t<div class=\"elementor-widget-container\">\n\t\t\t\t\t<div class=\"menu-przylacza-pradowe-container\"><ul id=\"menu-przylacza-pradowe\" class=\"menu\"><li id=\"menu-item-3330\" class=\"menu-item menu-item-type-post_type menu-item-object-page menu-item-3330\"><a href=\"https:\/\/www.daxor.pl\/?page_id=3319\">Przy\u0142\u0105cza lamelowe<\/a><\/li>\n<li id=\"menu-item-3331\" class=\"menu-item menu-item-type-post_type menu-item-object-page menu-item-3331\"><a href=\"https:\/\/www.daxor.pl\/?page_id=3320\">Sploty miedziane<\/a><\/li>\n<li id=\"menu-item-3332\" class=\"menu-item menu-item-type-post_type menu-item-object-page menu-item-3332\"><a href=\"https:\/\/www.daxor.pl\/?page_id=3321\">Kable ch\u0142odzone wod\u0105 i powietrzem<\/a><\/li>\n<li id=\"menu-item-3333\" class=\"menu-item menu-item-type-post_type menu-item-object-page menu-item-3333\"><a href=\"https:\/\/www.daxor.pl\/?page_id=3323\">Szyny pr\u0105dowe<\/a><\/li>\n<li id=\"menu-item-3334\" class=\"menu-item menu-item-type-post_type menu-item-object-page menu-item-3334\"><a href=\"https:\/\/www.daxor.pl\/?page_id=3324\">Kszta\u0142tki i z\u0142\u0105cza do maszyn i pojazd\u00f3w<\/a><\/li>\n<\/ul><\/div>\t\t\t\t<\/div>\n\t\t\t\t<\/div>\n\t\t\t\t\t<\/div>\n\t\t<\/div>\n\t\t\t\t<div class=\"elementor-column elementor-col-66 elementor-top-column elementor-element elementor-element-4d053850\" data-id=\"4d053850\" data-element_type=\"column\">\n\t\t\t<div class=\"elementor-widget-wrap elementor-element-populated\">\n\t\t\t\t\t\t<div class=\"elementor-element elementor-element-6da54189 elementor-widget elementor-widget-heading\" data-id=\"6da54189\" data-element_type=\"widget\" data-widget_type=\"heading.default\">\n\t\t\t\t<div class=\"elementor-widget-container\">\n\t\t\t\t\t<h2 class=\"elementor-heading-title elementor-size-default\">Sploty miedziane<\/h2>\t\t\t\t<\/div>\n\t\t\t\t<\/div>\n\t\t\t\t<section class=\"elementor-section elementor-inner-section elementor-element elementor-element-3c51551a elementor-section-boxed elementor-section-height-default elementor-section-height-default\" data-id=\"3c51551a\" data-element_type=\"section\">\n\t\t\t\t\t\t<div class=\"elementor-container elementor-column-gap-default\">\n\t\t\t\t\t<div class=\"elementor-column elementor-col-50 elementor-inner-column elementor-element elementor-element-71917b6d\" data-id=\"71917b6d\" data-element_type=\"column\">\n\t\t\t<div class=\"elementor-widget-wrap elementor-element-populated\">\n\t\t\t\t\t\t<div class=\"elementor-element elementor-element-4af732f3 elementor-widget elementor-widget-image\" data-id=\"4af732f3\" data-element_type=\"widget\" data-widget_type=\"image.default\">\n\t\t\t\t<div class=\"elementor-widget-container\">\n\t\t\t\t\t\t\t\t\t\t\t\t\t\t\t\t<a href=\"https:\/\/www.daxor.pl\/?page_id=3122\">\n\t\t\t\t\t\t\t<img fetchpriority=\"high\" decoding=\"async\" width=\"300\" height=\"178\" src=\"https:\/\/www.daxor.pl\/wp-content\/uploads\/2020\/10\/sploty-1-300x178.jpg\" class=\"attachment-medium size-medium wp-image-3351\" alt=\"\" srcset=\"https:\/\/www.daxor.pl\/wp-content\/uploads\/2020\/10\/sploty-1-300x178.jpg 300w, https:\/\/www.daxor.pl\/wp-content\/uploads\/2020\/10\/sploty-1.jpg 509w\" sizes=\"(max-width: 300px) 100vw, 300px\" \/>\t\t\t\t\t\t\t\t<\/a>\n\t\t\t\t\t\t\t\t\t\t\t\t\t\t\t<\/div>\n\t\t\t\t<\/div>\n\t\t\t\t\t<\/div>\n\t\t<\/div>\n\t\t\t\t<div class=\"elementor-column elementor-col-50 elementor-inner-column elementor-element elementor-element-1f6c9621\" data-id=\"1f6c9621\" data-element_type=\"column\">\n\t\t\t<div class=\"elementor-widget-wrap elementor-element-populated\">\n\t\t\t\t\t\t<div class=\"elementor-element elementor-element-f16cfd elementor-widget elementor-widget-image\" data-id=\"f16cfd\" data-element_type=\"widget\" data-widget_type=\"image.default\">\n\t\t\t\t<div class=\"elementor-widget-container\">\n\t\t\t\t\t\t\t\t\t\t\t\t\t\t\t\t<a href=\"https:\/\/www.daxor.pl\/?page_id=3123\">\n\t\t\t\t\t\t\t<img decoding=\"async\" width=\"300\" height=\"179\" src=\"https:\/\/www.daxor.pl\/wp-content\/uploads\/2020\/10\/sploty-2-300x179.jpg\" class=\"attachment-medium size-medium wp-image-3352\" alt=\"\" srcset=\"https:\/\/www.daxor.pl\/wp-content\/uploads\/2020\/10\/sploty-2-300x179.jpg 300w, https:\/\/www.daxor.pl\/wp-content\/uploads\/2020\/10\/sploty-2.jpg 506w\" sizes=\"(max-width: 300px) 100vw, 300px\" \/>\t\t\t\t\t\t\t\t<\/a>\n\t\t\t\t\t\t\t\t\t\t\t\t\t\t\t<\/div>\n\t\t\t\t<\/div>\n\t\t\t\t\t<\/div>\n\t\t<\/div>\n\t\t\t\t\t<\/div>\n\t\t<\/section>\n\t\t\t\t<div class=\"elementor-element elementor-element-221ee958 elementor-widget elementor-widget-text-editor\" data-id=\"221ee958\" data-element_type=\"widget\" data-widget_type=\"text-editor.default\">\n\t\t\t\t<div class=\"elementor-widget-container\">\n\t\t\t\t\t\t\t\t\t<p><b>Sploty miedziane p\u0142askie<br><\/b><span style=\"font-style: inherit; font-weight: inherit;\">Przy\u0142\u0105cza wykonane z drutu Cu, np. w oparciu o norm\u0119 DIN 46444. S\u0142u\u017c\u0105 do mostkowania po\u0142\u0105cze\u0144 elektrycznych i kompensowania wibracji mechanicznych. Ich elastyczno\u015b\u0107 zale\u017cny od \u015brednicy pojedynczego drutu, kt\u00f3ra wynosi od 0,05 mm do 0,20 mm, ale tak\u017ce od rodzaju splotu i przekroju po\u0142\u0105czenia.&nbsp;<br><\/span><span style=\"font-style: inherit; font-weight: inherit;\"><br>Ko\u0144c\u00f3wki \u0142\u0105cz\u0105ce s\u0105 standardowo zaciskane w miedzianej rurce pod wysokim ci\u015bnieniem. Pozwala to na osi\u0105gni\u0119cie od 80% do 95% wype\u0142nienia materia\u0142u. Opr\u00f3cz ko\u0144c\u00f3wek miedzianych produkujemy r\u00f3wnie\u017c ko\u0144c\u00f3wki z innych materia\u0142\u00f3w i wzor\u00f3w wg. \u017cycze\u0144 odbiorcy lub dostarczonej dokumentacji.&nbsp;<br><\/span><span style=\"font-style: inherit; font-weight: inherit;\"><br>Sploty s\u0105 u\u017cywane tam, gdzie wymagana jest wysoka elastyczno\u015b\u0107 na wszystkich poziomach ruchu.&nbsp;<br><\/span><span style=\"font-style: inherit;\"><br><span style=\"font-weight: inherit;\">Sploty dostarczamy w izolacji lub bez.<\/span><br><\/span><span style=\"font-style: inherit;\"><br><b>Sploty miedziane okr\u0105g\u0142e<br><\/b><\/span><span style=\"font-style: inherit; font-weight: inherit;\">Przy\u0142\u0105cza wykonane z okr\u0105g\u0142ej liny E-Cu, bez dodatkowych pow\u0142ok lub ocynowane albo posrebrzane, np. w oparciu o DIN 46438, sk\u0142adaj\u0105 si\u0119 z pojedynczych drut\u00f3w o \u015brednicy od 0,05 mm do 0,15 mm. Ko\u0144c\u00f3wki splot\u00f3w mog\u0105 by\u0107 formowane poprzez wyt\u0142aczanie wysokoci\u015bnieniowe bez lutowania lub z d\u0142awicami przepustowymi z zaworami, zaciskami lub kompresj\u0105 zgodnie z twoimi specyfikacjami. Mo\u017cna je r\u00f3wnie\u017c lutowa\u0107. Sploty okr\u0105g\u0142e s\u0105 u\u017cywane jako po\u0142\u0105czenia, w kt\u00f3rych wymagana jest wysoka elastyczno\u015b\u0107 we wszystkich p\u0142aszczyznach ruchu.<\/span><\/p>\n<p><span style=\"font-style: inherit; font-weight: inherit;\">Wszystkie okr\u0105g\u0142e sploty mog\u0105 by\u0107 dostarczone z pow\u0142ok\u0105 neoprenow\u0105 (r\u00f3wnie\u017c perforowan\u0105) lub bez niej. Na \u017cyczenie mog\u0105 by\u0107 r\u00f3wnie\u017c wyposa\u017cone w odpowiedni\u0105 izolacyjn\u0105 pow\u0142ok\u0119 termokurczliw\u0105 lub w wersji ch\u0142odzonej wod\u0105.<br><\/span><br><b>Obszary zastosowania:<br><\/b><span style=\"font-style: inherit; font-weight: inherit;\">&#8211; w budowie rozdzielnic i urz\u0105dze\u0144<br><\/span><span style=\"font-style: inherit; font-weight: inherit;\">&#8211; jako przewody uziemiaj\u0105ce<br><\/span><span style=\"font-style: inherit; font-weight: inherit;\">&#8211; jako kable w zgrzewaniu oporowym<br><\/span><span style=\"font-style: inherit; font-weight: inherit;\">&#8211; w konstrukcji pieca elektrycznego<br><\/span><span style=\"font-style: inherit; font-weight: inherit;\">&#8211; w galwanizacji<\/span><\/p>\t\t\t\t\t\t\t\t<\/div>\n\t\t\t\t<\/div>\n\t\t\t\t\t<\/div>\n\t\t<\/div>\n\t\t\t\t\t<\/div>\n\t\t<\/section>\n\t\t\t\t<\/div>\n\t\t","protected":false},"excerpt":{"rendered":"<p>Przy\u0142\u0105cza pr\u0105dowe Sploty miedziane Sploty miedziane p\u0142askiePrzy\u0142\u0105cza wykonane z drutu Cu, np. w oparciu o norm\u0119 DIN 46444. S\u0142u\u017c\u0105 do mostkowania po\u0142\u0105cze\u0144 elektrycznych i kompensowania wibracji mechanicznych. Ich elastyczno\u015b\u0107 zale\u017cny od \u015brednicy pojedynczego drutu, kt\u00f3ra wynosi od 0,05 mm do 0,20 mm, ale tak\u017ce od rodzaju splotu i przekroju po\u0142\u0105czenia.&nbsp; Ko\u0144c\u00f3wki \u0142\u0105cz\u0105ce s\u0105 standardowo zaciskane [&hellip;]<\/p>\n","protected":false},"author":1,"featured_media":0,"parent":1405,"menu_order":0,"comment_status":"closed","ping_status":"closed","template":"page-templates\/pagebuilder.php","meta":{"zakra_page_container_layout":"customizer","zakra_page_sidebar_layout":"customizer","zakra_remove_content_margin":false,"zakra_sidebar":"customizer","zakra_transparent_header":"customizer","zakra_logo":0,"zakra_main_header_style":"default","zakra_menu_item_color":"","zakra_menu_item_hover_color":"","zakra_menu_item_active_color":"","zakra_menu_active_style":"","zakra_page_header":true,"footnotes":""},"class_list":["post-3320","page","type-page","status-publish","hentry"],"yoast_head":"<!-- This site is optimized with the Yoast SEO plugin v26.4 - https:\/\/yoast.com\/wordpress\/plugins\/seo\/ -->\n<title>Sploty miedziane - Daxor<\/title>\n<meta name=\"robots\" content=\"index, follow, max-snippet:-1, max-image-preview:large, max-video-preview:-1\" \/>\n<link rel=\"canonical\" href=\"https:\/\/www.daxor.pl\/?page_id=3320\" \/>\n<meta property=\"og:locale\" content=\"pl_PL\" \/>\n<meta property=\"og:type\" content=\"article\" \/>\n<meta property=\"og:title\" content=\"Sploty miedziane - Daxor\" \/>\n<meta property=\"og:description\" content=\"Przy\u0142\u0105cza pr\u0105dowe Sploty miedziane Sploty miedziane p\u0142askiePrzy\u0142\u0105cza wykonane z drutu Cu, np. w oparciu o norm\u0119 DIN 46444. S\u0142u\u017c\u0105 do mostkowania po\u0142\u0105cze\u0144 elektrycznych i kompensowania wibracji mechanicznych. Ich elastyczno\u015b\u0107 zale\u017cny od \u015brednicy pojedynczego drutu, kt\u00f3ra wynosi od 0,05 mm do 0,20 mm, ale tak\u017ce od rodzaju splotu i przekroju po\u0142\u0105czenia.&nbsp; Ko\u0144c\u00f3wki \u0142\u0105cz\u0105ce s\u0105 standardowo zaciskane [&hellip;]\" \/>\n<meta property=\"og:url\" content=\"https:\/\/www.daxor.pl\/?page_id=3320\" \/>\n<meta property=\"og:site_name\" content=\"Daxor\" \/>\n<meta property=\"article:modified_time\" content=\"2020-10-19T17:44:48+00:00\" \/>\n<meta property=\"og:image\" content=\"https:\/\/www.daxor.pl\/wp-content\/uploads\/2020\/10\/sploty-1-300x178.jpg\" \/>\n<meta name=\"twitter:card\" content=\"summary_large_image\" \/>\n<meta name=\"twitter:label1\" content=\"Szacowany czas czytania\" \/>\n\t<meta name=\"twitter:data1\" content=\"1 minuta\" \/>\n<script type=\"application\/ld+json\" class=\"yoast-schema-graph\">{\"@context\":\"https:\/\/schema.org\",\"@graph\":[{\"@type\":\"WebPage\",\"@id\":\"https:\/\/www.daxor.pl\/?page_id=3320\",\"url\":\"https:\/\/www.daxor.pl\/?page_id=3320\",\"name\":\"Sploty miedziane - Daxor\",\"isPartOf\":{\"@id\":\"https:\/\/www.daxor.pl\/#website\"},\"primaryImageOfPage\":{\"@id\":\"https:\/\/www.daxor.pl\/?page_id=3320#primaryimage\"},\"image\":{\"@id\":\"https:\/\/www.daxor.pl\/?page_id=3320#primaryimage\"},\"thumbnailUrl\":\"https:\/\/www.daxor.pl\/wp-content\/uploads\/2020\/10\/sploty-1-300x178.jpg\",\"datePublished\":\"2020-10-08T10:34:33+00:00\",\"dateModified\":\"2020-10-19T17:44:48+00:00\",\"breadcrumb\":{\"@id\":\"https:\/\/www.daxor.pl\/?page_id=3320#breadcrumb\"},\"inLanguage\":\"pl-PL\",\"potentialAction\":[{\"@type\":\"ReadAction\",\"target\":[\"https:\/\/www.daxor.pl\/?page_id=3320\"]}]},{\"@type\":\"ImageObject\",\"inLanguage\":\"pl-PL\",\"@id\":\"https:\/\/www.daxor.pl\/?page_id=3320#primaryimage\",\"url\":\"https:\/\/www.daxor.pl\/wp-content\/uploads\/2020\/10\/sploty-1.jpg\",\"contentUrl\":\"https:\/\/www.daxor.pl\/wp-content\/uploads\/2020\/10\/sploty-1.jpg\",\"width\":509,\"height\":302},{\"@type\":\"BreadcrumbList\",\"@id\":\"https:\/\/www.daxor.pl\/?page_id=3320#breadcrumb\",\"itemListElement\":[{\"@type\":\"ListItem\",\"position\":1,\"name\":\"Strona g\u0142\u00f3wna\",\"item\":\"https:\/\/www.daxor.pl\/\"},{\"@type\":\"ListItem\",\"position\":2,\"name\":\"Strona g\u0142\u00f3wna\",\"item\":\"https:\/\/www.daxor.pl\/\"},{\"@type\":\"ListItem\",\"position\":3,\"name\":\"Oferta\",\"item\":\"https:\/\/www.daxor.pl\/?page_id=1317\"},{\"@type\":\"ListItem\",\"position\":4,\"name\":\"Przy\u0142\u0105cza pr\u0105dowe\",\"item\":\"https:\/\/www.daxor.pl\/?page_id=1405\"},{\"@type\":\"ListItem\",\"position\":5,\"name\":\"Sploty miedziane\"}]},{\"@type\":\"WebSite\",\"@id\":\"https:\/\/www.daxor.pl\/#website\",\"url\":\"https:\/\/www.daxor.pl\/\",\"name\":\"Daxor\",\"description\":\"Dostawa i dob\u00f3r najlepszych cz\u0119\u015bci na potrzeby produkcji, utrzymania ruchu oraz remont\u00f3w\",\"publisher\":{\"@id\":\"https:\/\/www.daxor.pl\/#organization\"},\"potentialAction\":[{\"@type\":\"SearchAction\",\"target\":{\"@type\":\"EntryPoint\",\"urlTemplate\":\"https:\/\/www.daxor.pl\/?s={search_term_string}\"},\"query-input\":{\"@type\":\"PropertyValueSpecification\",\"valueRequired\":true,\"valueName\":\"search_term_string\"}}],\"inLanguage\":\"pl-PL\"},{\"@type\":\"Organization\",\"@id\":\"https:\/\/www.daxor.pl\/#organization\",\"name\":\"Daxor\",\"url\":\"https:\/\/www.daxor.pl\/\",\"logo\":{\"@type\":\"ImageObject\",\"inLanguage\":\"pl-PL\",\"@id\":\"https:\/\/www.daxor.pl\/#\/schema\/logo\/image\/\",\"url\":\"https:\/\/www.daxor.pl\/wp-content\/uploads\/2020\/09\/logo_white.png\",\"contentUrl\":\"https:\/\/www.daxor.pl\/wp-content\/uploads\/2020\/09\/logo_white.png\",\"width\":188,\"height\":60,\"caption\":\"Daxor\"},\"image\":{\"@id\":\"https:\/\/www.daxor.pl\/#\/schema\/logo\/image\/\"}}]}<\/script>\n<!-- \/ Yoast SEO plugin. -->","yoast_head_json":{"title":"Sploty miedziane - Daxor","robots":{"index":"index","follow":"follow","max-snippet":"max-snippet:-1","max-image-preview":"max-image-preview:large","max-video-preview":"max-video-preview:-1"},"canonical":"https:\/\/www.daxor.pl\/?page_id=3320","og_locale":"pl_PL","og_type":"article","og_title":"Sploty miedziane - Daxor","og_description":"Przy\u0142\u0105cza pr\u0105dowe Sploty miedziane Sploty miedziane p\u0142askiePrzy\u0142\u0105cza wykonane z drutu Cu, np. w oparciu o norm\u0119 DIN 46444. S\u0142u\u017c\u0105 do mostkowania po\u0142\u0105cze\u0144 elektrycznych i kompensowania wibracji mechanicznych. Ich elastyczno\u015b\u0107 zale\u017cny od \u015brednicy pojedynczego drutu, kt\u00f3ra wynosi od 0,05 mm do 0,20 mm, ale tak\u017ce od rodzaju splotu i przekroju po\u0142\u0105czenia.&nbsp; Ko\u0144c\u00f3wki \u0142\u0105cz\u0105ce s\u0105 standardowo zaciskane [&hellip;]","og_url":"https:\/\/www.daxor.pl\/?page_id=3320","og_site_name":"Daxor","article_modified_time":"2020-10-19T17:44:48+00:00","og_image":[{"url":"https:\/\/www.daxor.pl\/wp-content\/uploads\/2020\/10\/sploty-1-300x178.jpg","type":"","width":"","height":""}],"twitter_card":"summary_large_image","twitter_misc":{"Szacowany czas czytania":"1 minuta"},"schema":{"@context":"https:\/\/schema.org","@graph":[{"@type":"WebPage","@id":"https:\/\/www.daxor.pl\/?page_id=3320","url":"https:\/\/www.daxor.pl\/?page_id=3320","name":"Sploty miedziane - Daxor","isPartOf":{"@id":"https:\/\/www.daxor.pl\/#website"},"primaryImageOfPage":{"@id":"https:\/\/www.daxor.pl\/?page_id=3320#primaryimage"},"image":{"@id":"https:\/\/www.daxor.pl\/?page_id=3320#primaryimage"},"thumbnailUrl":"https:\/\/www.daxor.pl\/wp-content\/uploads\/2020\/10\/sploty-1-300x178.jpg","datePublished":"2020-10-08T10:34:33+00:00","dateModified":"2020-10-19T17:44:48+00:00","breadcrumb":{"@id":"https:\/\/www.daxor.pl\/?page_id=3320#breadcrumb"},"inLanguage":"pl-PL","potentialAction":[{"@type":"ReadAction","target":["https:\/\/www.daxor.pl\/?page_id=3320"]}]},{"@type":"ImageObject","inLanguage":"pl-PL","@id":"https:\/\/www.daxor.pl\/?page_id=3320#primaryimage","url":"https:\/\/www.daxor.pl\/wp-content\/uploads\/2020\/10\/sploty-1.jpg","contentUrl":"https:\/\/www.daxor.pl\/wp-content\/uploads\/2020\/10\/sploty-1.jpg","width":509,"height":302},{"@type":"BreadcrumbList","@id":"https:\/\/www.daxor.pl\/?page_id=3320#breadcrumb","itemListElement":[{"@type":"ListItem","position":1,"name":"Strona g\u0142\u00f3wna","item":"https:\/\/www.daxor.pl\/"},{"@type":"ListItem","position":2,"name":"Strona g\u0142\u00f3wna","item":"https:\/\/www.daxor.pl\/"},{"@type":"ListItem","position":3,"name":"Oferta","item":"https:\/\/www.daxor.pl\/?page_id=1317"},{"@type":"ListItem","position":4,"name":"Przy\u0142\u0105cza pr\u0105dowe","item":"https:\/\/www.daxor.pl\/?page_id=1405"},{"@type":"ListItem","position":5,"name":"Sploty miedziane"}]},{"@type":"WebSite","@id":"https:\/\/www.daxor.pl\/#website","url":"https:\/\/www.daxor.pl\/","name":"Daxor","description":"Dostawa i dob\u00f3r najlepszych cz\u0119\u015bci na potrzeby produkcji, utrzymania ruchu oraz remont\u00f3w","publisher":{"@id":"https:\/\/www.daxor.pl\/#organization"},"potentialAction":[{"@type":"SearchAction","target":{"@type":"EntryPoint","urlTemplate":"https:\/\/www.daxor.pl\/?s={search_term_string}"},"query-input":{"@type":"PropertyValueSpecification","valueRequired":true,"valueName":"search_term_string"}}],"inLanguage":"pl-PL"},{"@type":"Organization","@id":"https:\/\/www.daxor.pl\/#organization","name":"Daxor","url":"https:\/\/www.daxor.pl\/","logo":{"@type":"ImageObject","inLanguage":"pl-PL","@id":"https:\/\/www.daxor.pl\/#\/schema\/logo\/image\/","url":"https:\/\/www.daxor.pl\/wp-content\/uploads\/2020\/09\/logo_white.png","contentUrl":"https:\/\/www.daxor.pl\/wp-content\/uploads\/2020\/09\/logo_white.png","width":188,"height":60,"caption":"Daxor"},"image":{"@id":"https:\/\/www.daxor.pl\/#\/schema\/logo\/image\/"}}]}},"_links":{"self":[{"href":"https:\/\/www.daxor.pl\/index.php?rest_route=\/wp\/v2\/pages\/3320","targetHints":{"allow":["GET"]}}],"collection":[{"href":"https:\/\/www.daxor.pl\/index.php?rest_route=\/wp\/v2\/pages"}],"about":[{"href":"https:\/\/www.daxor.pl\/index.php?rest_route=\/wp\/v2\/types\/page"}],"author":[{"embeddable":true,"href":"https:\/\/www.daxor.pl\/index.php?rest_route=\/wp\/v2\/users\/1"}],"replies":[{"embeddable":true,"href":"https:\/\/www.daxor.pl\/index.php?rest_route=%2Fwp%2Fv2%2Fcomments&post=3320"}],"version-history":[{"count":4,"href":"https:\/\/www.daxor.pl\/index.php?rest_route=\/wp\/v2\/pages\/3320\/revisions"}],"predecessor-version":[{"id":3561,"href":"https:\/\/www.daxor.pl\/index.php?rest_route=\/wp\/v2\/pages\/3320\/revisions\/3561"}],"up":[{"embeddable":true,"href":"https:\/\/www.daxor.pl\/index.php?rest_route=\/wp\/v2\/pages\/1405"}],"wp:attachment":[{"href":"https:\/\/www.daxor.pl\/index.php?rest_route=%2Fwp%2Fv2%2Fmedia&parent=3320"}],"curies":[{"name":"wp","href":"https:\/\/api.w.org\/{rel}","templated":true}]}}