{"id":3323,"date":"2020-10-08T12:34:33","date_gmt":"2020-10-08T10:34:33","guid":{"rendered":"https:\/\/www.daxor.pl\/?page_id=3323"},"modified":"2020-10-19T19:46:47","modified_gmt":"2020-10-19T17:46:47","slug":"szyny-pradowe","status":"publish","type":"page","link":"https:\/\/www.daxor.pl\/?page_id=3323","title":{"rendered":"Szyny pr\u0105dowe"},"content":{"rendered":"\t\t<div data-elementor-type=\"wp-page\" data-elementor-id=\"3323\" class=\"elementor elementor-3323\">\n\t\t\t\t\t\t<section class=\"elementor-section elementor-top-section elementor-element elementor-element-1836d135 elementor-section-boxed elementor-section-height-default elementor-section-height-default\" data-id=\"1836d135\" data-element_type=\"section\">\n\t\t\t\t\t\t<div class=\"elementor-container elementor-column-gap-default\">\n\t\t\t\t\t<div class=\"elementor-column elementor-col-100 elementor-top-column elementor-element elementor-element-4a884581\" data-id=\"4a884581\" data-element_type=\"column\">\n\t\t\t<div class=\"elementor-widget-wrap elementor-element-populated\">\n\t\t\t\t\t\t<div class=\"elementor-element elementor-element-50c7463e elementor-widget elementor-widget-wp-widget-bcn_widget\" data-id=\"50c7463e\" data-element_type=\"widget\" data-widget_type=\"wp-widget-bcn_widget.default\">\n\t\t\t\t<div class=\"elementor-widget-container\">\n\t\t\t\t\t<div class=\"breadcrumbs\" vocab=\"https:\/\/schema.org\/\" typeof=\"BreadcrumbList\"><!-- Breadcrumb NavXT 7.4.1 -->\n<span property=\"itemListElement\" typeof=\"ListItem\"><a property=\"item\" typeof=\"WebPage\" title=\"Przejd\u017a do Daxor.\" href=\"https:\/\/www.daxor.pl\" class=\"home\" aria-current=\"page\"><span property=\"name\">Daxor<\/span><\/a><meta property=\"position\" content=\"1\"><\/span><\/div>\t\t\t\t<\/div>\n\t\t\t\t<\/div>\n\t\t\t\t\t<\/div>\n\t\t<\/div>\n\t\t\t\t\t<\/div>\n\t\t<\/section>\n\t\t\t\t<section class=\"elementor-section elementor-top-section elementor-element elementor-element-4cc25064 elementor-section-boxed elementor-section-height-default elementor-section-height-default\" data-id=\"4cc25064\" data-element_type=\"section\">\n\t\t\t\t\t\t<div class=\"elementor-container elementor-column-gap-default\">\n\t\t\t\t\t<div class=\"elementor-column elementor-col-33 elementor-top-column elementor-element elementor-element-55b0d4f6\" data-id=\"55b0d4f6\" data-element_type=\"column\">\n\t\t\t<div class=\"elementor-widget-wrap elementor-element-populated\">\n\t\t\t\t\t\t<div class=\"elementor-element elementor-element-349339d3 elementor-widget elementor-widget-heading\" data-id=\"349339d3\" data-element_type=\"widget\" data-widget_type=\"heading.default\">\n\t\t\t\t<div class=\"elementor-widget-container\">\n\t\t\t\t\t<h5 class=\"elementor-heading-title elementor-size-default\"><a href=\"https:\/\/www.daxor.pl\/?page_id=3122\">Przy\u0142\u0105cza pr\u0105dowe<\/a><\/h5>\t\t\t\t<\/div>\n\t\t\t\t<\/div>\n\t\t\t\t<div class=\"elementor-element elementor-element-41f10d44 elementor-widget elementor-widget-wp-widget-nav_menu\" data-id=\"41f10d44\" data-element_type=\"widget\" data-widget_type=\"wp-widget-nav_menu.default\">\n\t\t\t\t<div class=\"elementor-widget-container\">\n\t\t\t\t\t<div class=\"menu-przylacza-pradowe-container\"><ul id=\"menu-przylacza-pradowe\" class=\"menu\"><li id=\"menu-item-3330\" class=\"menu-item menu-item-type-post_type menu-item-object-page menu-item-3330\"><a href=\"https:\/\/www.daxor.pl\/?page_id=3319\">Przy\u0142\u0105cza lamelowe<\/a><\/li>\n<li id=\"menu-item-3331\" class=\"menu-item menu-item-type-post_type menu-item-object-page menu-item-3331\"><a href=\"https:\/\/www.daxor.pl\/?page_id=3320\">Sploty miedziane<\/a><\/li>\n<li id=\"menu-item-3332\" class=\"menu-item menu-item-type-post_type menu-item-object-page menu-item-3332\"><a href=\"https:\/\/www.daxor.pl\/?page_id=3321\">Kable ch\u0142odzone wod\u0105 i powietrzem<\/a><\/li>\n<li id=\"menu-item-3333\" class=\"menu-item menu-item-type-post_type menu-item-object-page menu-item-3333\"><a href=\"https:\/\/www.daxor.pl\/?page_id=3323\">Szyny pr\u0105dowe<\/a><\/li>\n<li id=\"menu-item-3334\" class=\"menu-item menu-item-type-post_type menu-item-object-page menu-item-3334\"><a href=\"https:\/\/www.daxor.pl\/?page_id=3324\">Kszta\u0142tki i z\u0142\u0105cza do maszyn i pojazd\u00f3w<\/a><\/li>\n<\/ul><\/div>\t\t\t\t<\/div>\n\t\t\t\t<\/div>\n\t\t\t\t\t<\/div>\n\t\t<\/div>\n\t\t\t\t<div class=\"elementor-column elementor-col-66 elementor-top-column elementor-element elementor-element-6b264d00\" data-id=\"6b264d00\" data-element_type=\"column\">\n\t\t\t<div class=\"elementor-widget-wrap elementor-element-populated\">\n\t\t\t\t\t\t<div class=\"elementor-element elementor-element-8104fa elementor-widget elementor-widget-heading\" data-id=\"8104fa\" data-element_type=\"widget\" data-widget_type=\"heading.default\">\n\t\t\t\t<div class=\"elementor-widget-container\">\n\t\t\t\t\t<h2 class=\"elementor-heading-title elementor-size-default\">Szyny pr\u0105dowe<\/h2>\t\t\t\t<\/div>\n\t\t\t\t<\/div>\n\t\t\t\t<section class=\"elementor-section elementor-inner-section elementor-element elementor-element-f2a142c elementor-section-boxed elementor-section-height-default elementor-section-height-default\" data-id=\"f2a142c\" data-element_type=\"section\">\n\t\t\t\t\t\t<div class=\"elementor-container elementor-column-gap-default\">\n\t\t\t\t\t<div class=\"elementor-column elementor-col-50 elementor-inner-column elementor-element elementor-element-5deb4528\" data-id=\"5deb4528\" data-element_type=\"column\">\n\t\t\t<div class=\"elementor-widget-wrap elementor-element-populated\">\n\t\t\t\t\t\t<div class=\"elementor-element elementor-element-1ef91cb0 elementor-widget elementor-widget-image\" data-id=\"1ef91cb0\" data-element_type=\"widget\" data-widget_type=\"image.default\">\n\t\t\t\t<div class=\"elementor-widget-container\">\n\t\t\t\t\t\t\t\t\t\t\t\t\t\t\t\t<a href=\"https:\/\/www.daxor.pl\/?page_id=3122\">\n\t\t\t\t\t\t\t<img decoding=\"async\" width=\"300\" height=\"146\" src=\"https:\/\/www.daxor.pl\/wp-content\/uploads\/2020\/10\/szyny-1-300x146.jpg\" class=\"attachment-medium size-medium wp-image-3367\" alt=\"\" srcset=\"https:\/\/www.daxor.pl\/wp-content\/uploads\/2020\/10\/szyny-1-300x146.jpg 300w, https:\/\/www.daxor.pl\/wp-content\/uploads\/2020\/10\/szyny-1-768x373.jpg 768w, https:\/\/www.daxor.pl\/wp-content\/uploads\/2020\/10\/szyny-1.jpg 843w\" sizes=\"(max-width: 300px) 100vw, 300px\" \/>\t\t\t\t\t\t\t\t<\/a>\n\t\t\t\t\t\t\t\t\t\t\t\t\t\t\t<\/div>\n\t\t\t\t<\/div>\n\t\t\t\t\t<\/div>\n\t\t<\/div>\n\t\t\t\t<div class=\"elementor-column elementor-col-50 elementor-inner-column elementor-element elementor-element-7529f201\" data-id=\"7529f201\" data-element_type=\"column\">\n\t\t\t<div class=\"elementor-widget-wrap elementor-element-populated\">\n\t\t\t\t\t\t<div class=\"elementor-element elementor-element-2ea744d1 elementor-widget elementor-widget-image\" data-id=\"2ea744d1\" data-element_type=\"widget\" data-widget_type=\"image.default\">\n\t\t\t\t<div class=\"elementor-widget-container\">\n\t\t\t\t\t\t\t\t\t\t\t\t\t\t\t\t<a href=\"https:\/\/www.daxor.pl\/?page_id=3123\">\n\t\t\t\t\t\t\t<img decoding=\"async\" width=\"150\" height=\"150\" src=\"https:\/\/www.daxor.pl\/wp-content\/uploads\/2020\/10\/szyny-2-150x150.jpg\" class=\"attachment-thumbnail size-thumbnail wp-image-3368\" alt=\"\" \/>\t\t\t\t\t\t\t\t<\/a>\n\t\t\t\t\t\t\t\t\t\t\t\t\t\t\t<\/div>\n\t\t\t\t<\/div>\n\t\t\t\t\t<\/div>\n\t\t<\/div>\n\t\t\t\t\t<\/div>\n\t\t<\/section>\n\t\t\t\t<div class=\"elementor-element elementor-element-679988f5 elementor-widget elementor-widget-text-editor\" data-id=\"679988f5\" data-element_type=\"widget\" data-widget_type=\"text-editor.default\">\n\t\t\t\t<div class=\"elementor-widget-container\">\n\t\t\t\t\t\t\t\t\t<p>Nasz program dostaw obejmuje r\u00f3wnie\u017c szyny pr\u0105dowe, szyny \u0142\u0105cz\u0105ce, elementy stykowe, po\u0142\u0105czenia i szyny zbiorcze we wszystkich wersjach zgodnych z Pa\u0144stwa \u017cyczeniem.<br><\/p>\n<div><b>Obszary zastosowania:<\/b><\/div>\n<div><div>&#8211; budowa pojazd\u00f3w<\/div><div>&#8211; pojazdy szynowe<\/div><div>&#8211; budowa maszyn<\/div><div>&#8211; urz\u0105dzenia spawalnicze<\/div><div>&#8211; rozdzielnice pr\u0105dowe<\/div><div>&#8211; galwanizernie<\/div><\/div><div><br><\/div>\n<div><br><\/div>\n<div>&nbsp;<\/div>\t\t\t\t\t\t\t\t<\/div>\n\t\t\t\t<\/div>\n\t\t\t\t\t<\/div>\n\t\t<\/div>\n\t\t\t\t\t<\/div>\n\t\t<\/section>\n\t\t\t\t<\/div>\n\t\t","protected":false},"excerpt":{"rendered":"<p>Przy\u0142\u0105cza pr\u0105dowe Szyny pr\u0105dowe Nasz program dostaw obejmuje r\u00f3wnie\u017c szyny pr\u0105dowe, szyny \u0142\u0105cz\u0105ce, elementy stykowe, po\u0142\u0105czenia i szyny zbiorcze we wszystkich wersjach zgodnych z Pa\u0144stwa \u017cyczeniem. Obszary zastosowania: &#8211; budowa pojazd\u00f3w- pojazdy szynowe- budowa maszyn- urz\u0105dzenia spawalnicze- rozdzielnice pr\u0105dowe- galwanizernie &nbsp;<\/p>\n","protected":false},"author":1,"featured_media":0,"parent":1405,"menu_order":0,"comment_status":"closed","ping_status":"closed","template":"page-templates\/pagebuilder.php","meta":{"zakra_page_container_layout":"customizer","zakra_page_sidebar_layout":"customizer","zakra_remove_content_margin":false,"zakra_sidebar":"customizer","zakra_transparent_header":"customizer","zakra_logo":0,"zakra_main_header_style":"default","zakra_menu_item_color":"","zakra_menu_item_hover_color":"","zakra_menu_item_active_color":"","zakra_menu_active_style":"","zakra_page_header":true,"footnotes":""},"class_list":["post-3323","page","type-page","status-publish","hentry"],"yoast_head":"<!-- This site is optimized with the Yoast SEO plugin v26.4 - https:\/\/yoast.com\/wordpress\/plugins\/seo\/ -->\n<title>Szyny pr\u0105dowe - Daxor<\/title>\n<meta name=\"robots\" content=\"index, follow, max-snippet:-1, max-image-preview:large, max-video-preview:-1\" \/>\n<link rel=\"canonical\" href=\"https:\/\/www.daxor.pl\/?page_id=3323\" \/>\n<meta property=\"og:locale\" content=\"pl_PL\" \/>\n<meta property=\"og:type\" content=\"article\" \/>\n<meta property=\"og:title\" content=\"Szyny pr\u0105dowe - Daxor\" \/>\n<meta property=\"og:description\" content=\"Przy\u0142\u0105cza pr\u0105dowe Szyny pr\u0105dowe Nasz program dostaw obejmuje r\u00f3wnie\u017c szyny pr\u0105dowe, szyny \u0142\u0105cz\u0105ce, elementy stykowe, po\u0142\u0105czenia i szyny zbiorcze we wszystkich wersjach zgodnych z Pa\u0144stwa \u017cyczeniem. Obszary zastosowania: &#8211; budowa pojazd\u00f3w- pojazdy szynowe- budowa maszyn- urz\u0105dzenia spawalnicze- rozdzielnice pr\u0105dowe- galwanizernie &nbsp;\" \/>\n<meta property=\"og:url\" content=\"https:\/\/www.daxor.pl\/?page_id=3323\" \/>\n<meta property=\"og:site_name\" content=\"Daxor\" \/>\n<meta property=\"article:modified_time\" content=\"2020-10-19T17:46:47+00:00\" \/>\n<meta property=\"og:image\" content=\"https:\/\/www.daxor.pl\/wp-content\/uploads\/2020\/10\/szyny-1-300x146.jpg\" \/>\n<meta name=\"twitter:card\" content=\"summary_large_image\" \/>\n<script type=\"application\/ld+json\" class=\"yoast-schema-graph\">{\"@context\":\"https:\/\/schema.org\",\"@graph\":[{\"@type\":\"WebPage\",\"@id\":\"https:\/\/www.daxor.pl\/?page_id=3323\",\"url\":\"https:\/\/www.daxor.pl\/?page_id=3323\",\"name\":\"Szyny pr\u0105dowe - Daxor\",\"isPartOf\":{\"@id\":\"https:\/\/www.daxor.pl\/#website\"},\"primaryImageOfPage\":{\"@id\":\"https:\/\/www.daxor.pl\/?page_id=3323#primaryimage\"},\"image\":{\"@id\":\"https:\/\/www.daxor.pl\/?page_id=3323#primaryimage\"},\"thumbnailUrl\":\"https:\/\/www.daxor.pl\/wp-content\/uploads\/2020\/10\/szyny-1-300x146.jpg\",\"datePublished\":\"2020-10-08T10:34:33+00:00\",\"dateModified\":\"2020-10-19T17:46:47+00:00\",\"breadcrumb\":{\"@id\":\"https:\/\/www.daxor.pl\/?page_id=3323#breadcrumb\"},\"inLanguage\":\"pl-PL\",\"potentialAction\":[{\"@type\":\"ReadAction\",\"target\":[\"https:\/\/www.daxor.pl\/?page_id=3323\"]}]},{\"@type\":\"ImageObject\",\"inLanguage\":\"pl-PL\",\"@id\":\"https:\/\/www.daxor.pl\/?page_id=3323#primaryimage\",\"url\":\"https:\/\/www.daxor.pl\/wp-content\/uploads\/2020\/10\/szyny-1.jpg\",\"contentUrl\":\"https:\/\/www.daxor.pl\/wp-content\/uploads\/2020\/10\/szyny-1.jpg\",\"width\":843,\"height\":409},{\"@type\":\"BreadcrumbList\",\"@id\":\"https:\/\/www.daxor.pl\/?page_id=3323#breadcrumb\",\"itemListElement\":[{\"@type\":\"ListItem\",\"position\":1,\"name\":\"Strona g\u0142\u00f3wna\",\"item\":\"https:\/\/www.daxor.pl\/\"},{\"@type\":\"ListItem\",\"position\":2,\"name\":\"Strona g\u0142\u00f3wna\",\"item\":\"https:\/\/www.daxor.pl\/\"},{\"@type\":\"ListItem\",\"position\":3,\"name\":\"Oferta\",\"item\":\"https:\/\/www.daxor.pl\/?page_id=1317\"},{\"@type\":\"ListItem\",\"position\":4,\"name\":\"Przy\u0142\u0105cza pr\u0105dowe\",\"item\":\"https:\/\/www.daxor.pl\/?page_id=1405\"},{\"@type\":\"ListItem\",\"position\":5,\"name\":\"Szyny pr\u0105dowe\"}]},{\"@type\":\"WebSite\",\"@id\":\"https:\/\/www.daxor.pl\/#website\",\"url\":\"https:\/\/www.daxor.pl\/\",\"name\":\"Daxor\",\"description\":\"Dostawa i dob\u00f3r najlepszych cz\u0119\u015bci na potrzeby produkcji, utrzymania ruchu oraz remont\u00f3w\",\"publisher\":{\"@id\":\"https:\/\/www.daxor.pl\/#organization\"},\"potentialAction\":[{\"@type\":\"SearchAction\",\"target\":{\"@type\":\"EntryPoint\",\"urlTemplate\":\"https:\/\/www.daxor.pl\/?s={search_term_string}\"},\"query-input\":{\"@type\":\"PropertyValueSpecification\",\"valueRequired\":true,\"valueName\":\"search_term_string\"}}],\"inLanguage\":\"pl-PL\"},{\"@type\":\"Organization\",\"@id\":\"https:\/\/www.daxor.pl\/#organization\",\"name\":\"Daxor\",\"url\":\"https:\/\/www.daxor.pl\/\",\"logo\":{\"@type\":\"ImageObject\",\"inLanguage\":\"pl-PL\",\"@id\":\"https:\/\/www.daxor.pl\/#\/schema\/logo\/image\/\",\"url\":\"https:\/\/www.daxor.pl\/wp-content\/uploads\/2020\/09\/logo_white.png\",\"contentUrl\":\"https:\/\/www.daxor.pl\/wp-content\/uploads\/2020\/09\/logo_white.png\",\"width\":188,\"height\":60,\"caption\":\"Daxor\"},\"image\":{\"@id\":\"https:\/\/www.daxor.pl\/#\/schema\/logo\/image\/\"}}]}<\/script>\n<!-- \/ Yoast SEO plugin. -->","yoast_head_json":{"title":"Szyny pr\u0105dowe - Daxor","robots":{"index":"index","follow":"follow","max-snippet":"max-snippet:-1","max-image-preview":"max-image-preview:large","max-video-preview":"max-video-preview:-1"},"canonical":"https:\/\/www.daxor.pl\/?page_id=3323","og_locale":"pl_PL","og_type":"article","og_title":"Szyny pr\u0105dowe - Daxor","og_description":"Przy\u0142\u0105cza pr\u0105dowe Szyny pr\u0105dowe Nasz program dostaw obejmuje r\u00f3wnie\u017c szyny pr\u0105dowe, szyny \u0142\u0105cz\u0105ce, elementy stykowe, po\u0142\u0105czenia i szyny zbiorcze we wszystkich wersjach zgodnych z Pa\u0144stwa \u017cyczeniem. Obszary zastosowania: &#8211; budowa pojazd\u00f3w- pojazdy szynowe- budowa maszyn- urz\u0105dzenia spawalnicze- rozdzielnice pr\u0105dowe- galwanizernie &nbsp;","og_url":"https:\/\/www.daxor.pl\/?page_id=3323","og_site_name":"Daxor","article_modified_time":"2020-10-19T17:46:47+00:00","og_image":[{"url":"https:\/\/www.daxor.pl\/wp-content\/uploads\/2020\/10\/szyny-1-300x146.jpg","type":"","width":"","height":""}],"twitter_card":"summary_large_image","schema":{"@context":"https:\/\/schema.org","@graph":[{"@type":"WebPage","@id":"https:\/\/www.daxor.pl\/?page_id=3323","url":"https:\/\/www.daxor.pl\/?page_id=3323","name":"Szyny pr\u0105dowe - Daxor","isPartOf":{"@id":"https:\/\/www.daxor.pl\/#website"},"primaryImageOfPage":{"@id":"https:\/\/www.daxor.pl\/?page_id=3323#primaryimage"},"image":{"@id":"https:\/\/www.daxor.pl\/?page_id=3323#primaryimage"},"thumbnailUrl":"https:\/\/www.daxor.pl\/wp-content\/uploads\/2020\/10\/szyny-1-300x146.jpg","datePublished":"2020-10-08T10:34:33+00:00","dateModified":"2020-10-19T17:46:47+00:00","breadcrumb":{"@id":"https:\/\/www.daxor.pl\/?page_id=3323#breadcrumb"},"inLanguage":"pl-PL","potentialAction":[{"@type":"ReadAction","target":["https:\/\/www.daxor.pl\/?page_id=3323"]}]},{"@type":"ImageObject","inLanguage":"pl-PL","@id":"https:\/\/www.daxor.pl\/?page_id=3323#primaryimage","url":"https:\/\/www.daxor.pl\/wp-content\/uploads\/2020\/10\/szyny-1.jpg","contentUrl":"https:\/\/www.daxor.pl\/wp-content\/uploads\/2020\/10\/szyny-1.jpg","width":843,"height":409},{"@type":"BreadcrumbList","@id":"https:\/\/www.daxor.pl\/?page_id=3323#breadcrumb","itemListElement":[{"@type":"ListItem","position":1,"name":"Strona g\u0142\u00f3wna","item":"https:\/\/www.daxor.pl\/"},{"@type":"ListItem","position":2,"name":"Strona g\u0142\u00f3wna","item":"https:\/\/www.daxor.pl\/"},{"@type":"ListItem","position":3,"name":"Oferta","item":"https:\/\/www.daxor.pl\/?page_id=1317"},{"@type":"ListItem","position":4,"name":"Przy\u0142\u0105cza pr\u0105dowe","item":"https:\/\/www.daxor.pl\/?page_id=1405"},{"@type":"ListItem","position":5,"name":"Szyny pr\u0105dowe"}]},{"@type":"WebSite","@id":"https:\/\/www.daxor.pl\/#website","url":"https:\/\/www.daxor.pl\/","name":"Daxor","description":"Dostawa i dob\u00f3r najlepszych cz\u0119\u015bci na potrzeby produkcji, utrzymania ruchu oraz remont\u00f3w","publisher":{"@id":"https:\/\/www.daxor.pl\/#organization"},"potentialAction":[{"@type":"SearchAction","target":{"@type":"EntryPoint","urlTemplate":"https:\/\/www.daxor.pl\/?s={search_term_string}"},"query-input":{"@type":"PropertyValueSpecification","valueRequired":true,"valueName":"search_term_string"}}],"inLanguage":"pl-PL"},{"@type":"Organization","@id":"https:\/\/www.daxor.pl\/#organization","name":"Daxor","url":"https:\/\/www.daxor.pl\/","logo":{"@type":"ImageObject","inLanguage":"pl-PL","@id":"https:\/\/www.daxor.pl\/#\/schema\/logo\/image\/","url":"https:\/\/www.daxor.pl\/wp-content\/uploads\/2020\/09\/logo_white.png","contentUrl":"https:\/\/www.daxor.pl\/wp-content\/uploads\/2020\/09\/logo_white.png","width":188,"height":60,"caption":"Daxor"},"image":{"@id":"https:\/\/www.daxor.pl\/#\/schema\/logo\/image\/"}}]}},"_links":{"self":[{"href":"https:\/\/www.daxor.pl\/index.php?rest_route=\/wp\/v2\/pages\/3323","targetHints":{"allow":["GET"]}}],"collection":[{"href":"https:\/\/www.daxor.pl\/index.php?rest_route=\/wp\/v2\/pages"}],"about":[{"href":"https:\/\/www.daxor.pl\/index.php?rest_route=\/wp\/v2\/types\/page"}],"author":[{"embeddable":true,"href":"https:\/\/www.daxor.pl\/index.php?rest_route=\/wp\/v2\/users\/1"}],"replies":[{"embeddable":true,"href":"https:\/\/www.daxor.pl\/index.php?rest_route=%2Fwp%2Fv2%2Fcomments&post=3323"}],"version-history":[{"count":3,"href":"https:\/\/www.daxor.pl\/index.php?rest_route=\/wp\/v2\/pages\/3323\/revisions"}],"predecessor-version":[{"id":3564,"href":"https:\/\/www.daxor.pl\/index.php?rest_route=\/wp\/v2\/pages\/3323\/revisions\/3564"}],"up":[{"embeddable":true,"href":"https:\/\/www.daxor.pl\/index.php?rest_route=\/wp\/v2\/pages\/1405"}],"wp:attachment":[{"href":"https:\/\/www.daxor.pl\/index.php?rest_route=%2Fwp%2Fv2%2Fmedia&parent=3323"}],"curies":[{"name":"wp","href":"https:\/\/api.w.org\/{rel}","templated":true}]}}