{"id":3324,"date":"2020-10-08T12:34:33","date_gmt":"2020-10-08T10:34:33","guid":{"rendered":"https:\/\/www.daxor.pl\/?page_id=3324"},"modified":"2020-10-19T19:47:24","modified_gmt":"2020-10-19T17:47:24","slug":"ksztaltki-i-zlacza-do-maszyn-i-pojazdow","status":"publish","type":"page","link":"https:\/\/www.daxor.pl\/?page_id=3324","title":{"rendered":"Kszta\u0142tki i z\u0142\u0105cza do maszyn i pojazd\u00f3w"},"content":{"rendered":"\t\t<div data-elementor-type=\"wp-page\" data-elementor-id=\"3324\" class=\"elementor elementor-3324\">\n\t\t\t\t\t\t<section class=\"elementor-section elementor-top-section elementor-element elementor-element-9f60642 elementor-section-boxed elementor-section-height-default elementor-section-height-default\" data-id=\"9f60642\" data-element_type=\"section\">\n\t\t\t\t\t\t<div class=\"elementor-container elementor-column-gap-default\">\n\t\t\t\t\t<div class=\"elementor-column elementor-col-100 elementor-top-column elementor-element elementor-element-271101a6\" data-id=\"271101a6\" data-element_type=\"column\">\n\t\t\t<div class=\"elementor-widget-wrap elementor-element-populated\">\n\t\t\t\t\t\t<div class=\"elementor-element elementor-element-1a3146e2 elementor-widget elementor-widget-wp-widget-bcn_widget\" data-id=\"1a3146e2\" data-element_type=\"widget\" data-widget_type=\"wp-widget-bcn_widget.default\">\n\t\t\t\t<div class=\"elementor-widget-container\">\n\t\t\t\t\t<div class=\"breadcrumbs\" vocab=\"https:\/\/schema.org\/\" typeof=\"BreadcrumbList\"><!-- Breadcrumb NavXT 7.4.1 -->\n<span property=\"itemListElement\" typeof=\"ListItem\"><a property=\"item\" typeof=\"WebPage\" title=\"Przejd\u017a do Daxor.\" href=\"https:\/\/www.daxor.pl\" class=\"home\" aria-current=\"page\"><span property=\"name\">Daxor<\/span><\/a><meta property=\"position\" content=\"1\"><\/span><\/div>\t\t\t\t<\/div>\n\t\t\t\t<\/div>\n\t\t\t\t\t<\/div>\n\t\t<\/div>\n\t\t\t\t\t<\/div>\n\t\t<\/section>\n\t\t\t\t<section class=\"elementor-section elementor-top-section elementor-element elementor-element-47e33f3 elementor-section-boxed elementor-section-height-default elementor-section-height-default\" data-id=\"47e33f3\" data-element_type=\"section\">\n\t\t\t\t\t\t<div class=\"elementor-container elementor-column-gap-default\">\n\t\t\t\t\t<div class=\"elementor-column elementor-col-33 elementor-top-column elementor-element elementor-element-3ab690b9\" data-id=\"3ab690b9\" data-element_type=\"column\">\n\t\t\t<div class=\"elementor-widget-wrap elementor-element-populated\">\n\t\t\t\t\t\t<div class=\"elementor-element elementor-element-7c338757 elementor-widget elementor-widget-heading\" data-id=\"7c338757\" data-element_type=\"widget\" data-widget_type=\"heading.default\">\n\t\t\t\t<div class=\"elementor-widget-container\">\n\t\t\t\t\t<h5 class=\"elementor-heading-title elementor-size-default\"><a href=\"https:\/\/www.daxor.pl\/?page_id=3122\">Przy\u0142\u0105cza pr\u0105dowe<\/a><\/h5>\t\t\t\t<\/div>\n\t\t\t\t<\/div>\n\t\t\t\t<div class=\"elementor-element elementor-element-297b6fdc elementor-widget elementor-widget-wp-widget-nav_menu\" data-id=\"297b6fdc\" data-element_type=\"widget\" data-widget_type=\"wp-widget-nav_menu.default\">\n\t\t\t\t<div class=\"elementor-widget-container\">\n\t\t\t\t\t<div class=\"menu-przylacza-pradowe-container\"><ul id=\"menu-przylacza-pradowe\" class=\"menu\"><li id=\"menu-item-3330\" class=\"menu-item menu-item-type-post_type menu-item-object-page menu-item-3330\"><a href=\"https:\/\/www.daxor.pl\/?page_id=3319\">Przy\u0142\u0105cza lamelowe<\/a><\/li>\n<li id=\"menu-item-3331\" class=\"menu-item menu-item-type-post_type menu-item-object-page menu-item-3331\"><a href=\"https:\/\/www.daxor.pl\/?page_id=3320\">Sploty miedziane<\/a><\/li>\n<li id=\"menu-item-3332\" class=\"menu-item menu-item-type-post_type menu-item-object-page menu-item-3332\"><a href=\"https:\/\/www.daxor.pl\/?page_id=3321\">Kable ch\u0142odzone wod\u0105 i powietrzem<\/a><\/li>\n<li id=\"menu-item-3333\" class=\"menu-item menu-item-type-post_type menu-item-object-page menu-item-3333\"><a href=\"https:\/\/www.daxor.pl\/?page_id=3323\">Szyny pr\u0105dowe<\/a><\/li>\n<li id=\"menu-item-3334\" class=\"menu-item menu-item-type-post_type menu-item-object-page menu-item-3334\"><a href=\"https:\/\/www.daxor.pl\/?page_id=3324\">Kszta\u0142tki i z\u0142\u0105cza do maszyn i pojazd\u00f3w<\/a><\/li>\n<\/ul><\/div>\t\t\t\t<\/div>\n\t\t\t\t<\/div>\n\t\t\t\t\t<\/div>\n\t\t<\/div>\n\t\t\t\t<div class=\"elementor-column elementor-col-66 elementor-top-column elementor-element elementor-element-92aa847\" data-id=\"92aa847\" data-element_type=\"column\">\n\t\t\t<div class=\"elementor-widget-wrap elementor-element-populated\">\n\t\t\t\t\t\t<div class=\"elementor-element elementor-element-3a4a5f76 elementor-widget elementor-widget-heading\" data-id=\"3a4a5f76\" data-element_type=\"widget\" data-widget_type=\"heading.default\">\n\t\t\t\t<div class=\"elementor-widget-container\">\n\t\t\t\t\t<h2 class=\"elementor-heading-title elementor-size-default\">Kszta\u0142tki i z\u0142\u0105cza do maszyn i pojazd\u00f3w<\/h2>\t\t\t\t<\/div>\n\t\t\t\t<\/div>\n\t\t\t\t<section class=\"elementor-section elementor-inner-section elementor-element elementor-element-407054bb elementor-section-boxed elementor-section-height-default elementor-section-height-default\" data-id=\"407054bb\" data-element_type=\"section\">\n\t\t\t\t\t\t<div class=\"elementor-container elementor-column-gap-default\">\n\t\t\t\t\t<div class=\"elementor-column elementor-col-100 elementor-inner-column elementor-element elementor-element-5ba9d1ba\" data-id=\"5ba9d1ba\" data-element_type=\"column\">\n\t\t\t<div class=\"elementor-widget-wrap elementor-element-populated\">\n\t\t\t\t\t\t<div class=\"elementor-element elementor-element-136995a6 elementor-widget elementor-widget-image\" data-id=\"136995a6\" data-element_type=\"widget\" data-widget_type=\"image.default\">\n\t\t\t\t<div class=\"elementor-widget-container\">\n\t\t\t\t\t\t\t\t\t\t\t\t\t\t\t\t<a href=\"https:\/\/www.daxor.pl\/?page_id=3123\">\n\t\t\t\t\t\t\t<img decoding=\"async\" width=\"300\" height=\"100\" src=\"https:\/\/www.daxor.pl\/wp-content\/uploads\/2020\/10\/ksztaltki-300x100.png\" class=\"attachment-medium size-medium wp-image-3370\" alt=\"\" srcset=\"https:\/\/www.daxor.pl\/wp-content\/uploads\/2020\/10\/ksztaltki-300x100.png 300w, https:\/\/www.daxor.pl\/wp-content\/uploads\/2020\/10\/ksztaltki.png 406w\" sizes=\"(max-width: 300px) 100vw, 300px\" \/>\t\t\t\t\t\t\t\t<\/a>\n\t\t\t\t\t\t\t\t\t\t\t\t\t\t\t<\/div>\n\t\t\t\t<\/div>\n\t\t\t\t\t<\/div>\n\t\t<\/div>\n\t\t\t\t\t<\/div>\n\t\t<\/section>\n\t\t\t\t<div class=\"elementor-element elementor-element-79968e78 elementor-widget elementor-widget-text-editor\" data-id=\"79968e78\" data-element_type=\"widget\" data-widget_type=\"text-editor.default\">\n\t\t\t\t<div class=\"elementor-widget-container\">\n\t\t\t\t\t\t\t\t\t<p>Dostarczamy kszta\u0142tki i z\u0142\u0105cza zar\u00f3wno w ma\u0142ych jak i du\u017cych seriach z metali nie\u017celaznych takich jak mied\u017a, mosi\u0105dz czy aluminium. Produkujemy szerok\u0105 gam\u0119 indywidualnych z\u0142\u0105czek i kszta\u0142tek do budowy maszyn i pojazd\u00f3w, dla przemys\u0142u energetycznego i konstrukcji rozdzielnic. Produkcja mo\u017ce zosta\u0107 rozpocz\u0119ta na podstawie dostarczonych wzor\u00f3w lub dokumentacji rysunkowej.<br><\/p>\t\t\t\t\t\t\t\t<\/div>\n\t\t\t\t<\/div>\n\t\t\t\t\t<\/div>\n\t\t<\/div>\n\t\t\t\t\t<\/div>\n\t\t<\/section>\n\t\t\t\t<\/div>\n\t\t","protected":false},"excerpt":{"rendered":"<p>Przy\u0142\u0105cza pr\u0105dowe Kszta\u0142tki i z\u0142\u0105cza do maszyn i pojazd\u00f3w Dostarczamy kszta\u0142tki i z\u0142\u0105cza zar\u00f3wno w ma\u0142ych jak i du\u017cych seriach z metali nie\u017celaznych takich jak mied\u017a, mosi\u0105dz czy aluminium. Produkujemy szerok\u0105 gam\u0119 indywidualnych z\u0142\u0105czek i kszta\u0142tek do budowy maszyn i pojazd\u00f3w, dla przemys\u0142u energetycznego i konstrukcji rozdzielnic. Produkcja mo\u017ce zosta\u0107 rozpocz\u0119ta na podstawie dostarczonych wzor\u00f3w [&hellip;]<\/p>\n","protected":false},"author":1,"featured_media":0,"parent":1405,"menu_order":0,"comment_status":"closed","ping_status":"closed","template":"page-templates\/pagebuilder.php","meta":{"zakra_page_container_layout":"customizer","zakra_page_sidebar_layout":"customizer","zakra_remove_content_margin":false,"zakra_sidebar":"customizer","zakra_transparent_header":"customizer","zakra_logo":0,"zakra_main_header_style":"default","zakra_menu_item_color":"","zakra_menu_item_hover_color":"","zakra_menu_item_active_color":"","zakra_menu_active_style":"","zakra_page_header":true,"footnotes":""},"class_list":["post-3324","page","type-page","status-publish","hentry"],"yoast_head":"<!-- This site is optimized with the Yoast SEO plugin v26.4 - https:\/\/yoast.com\/wordpress\/plugins\/seo\/ -->\n<title>Kszta\u0142tki i z\u0142\u0105cza do maszyn i pojazd\u00f3w - Daxor<\/title>\n<meta name=\"robots\" content=\"index, follow, max-snippet:-1, max-image-preview:large, max-video-preview:-1\" \/>\n<link rel=\"canonical\" href=\"https:\/\/www.daxor.pl\/?page_id=3324\" \/>\n<meta property=\"og:locale\" content=\"pl_PL\" \/>\n<meta property=\"og:type\" content=\"article\" \/>\n<meta property=\"og:title\" content=\"Kszta\u0142tki i z\u0142\u0105cza do maszyn i pojazd\u00f3w - Daxor\" \/>\n<meta property=\"og:description\" content=\"Przy\u0142\u0105cza pr\u0105dowe Kszta\u0142tki i z\u0142\u0105cza do maszyn i pojazd\u00f3w Dostarczamy kszta\u0142tki i z\u0142\u0105cza zar\u00f3wno w ma\u0142ych jak i du\u017cych seriach z metali nie\u017celaznych takich jak mied\u017a, mosi\u0105dz czy aluminium. Produkujemy szerok\u0105 gam\u0119 indywidualnych z\u0142\u0105czek i kszta\u0142tek do budowy maszyn i pojazd\u00f3w, dla przemys\u0142u energetycznego i konstrukcji rozdzielnic. Produkcja mo\u017ce zosta\u0107 rozpocz\u0119ta na podstawie dostarczonych wzor\u00f3w [&hellip;]\" \/>\n<meta property=\"og:url\" content=\"https:\/\/www.daxor.pl\/?page_id=3324\" \/>\n<meta property=\"og:site_name\" content=\"Daxor\" \/>\n<meta property=\"article:modified_time\" content=\"2020-10-19T17:47:24+00:00\" \/>\n<meta property=\"og:image\" content=\"https:\/\/www.daxor.pl\/wp-content\/uploads\/2020\/10\/ksztaltki-300x100.png\" \/>\n<meta name=\"twitter:card\" content=\"summary_large_image\" \/>\n<script type=\"application\/ld+json\" class=\"yoast-schema-graph\">{\"@context\":\"https:\/\/schema.org\",\"@graph\":[{\"@type\":\"WebPage\",\"@id\":\"https:\/\/www.daxor.pl\/?page_id=3324\",\"url\":\"https:\/\/www.daxor.pl\/?page_id=3324\",\"name\":\"Kszta\u0142tki i z\u0142\u0105cza do maszyn i pojazd\u00f3w - Daxor\",\"isPartOf\":{\"@id\":\"https:\/\/www.daxor.pl\/#website\"},\"primaryImageOfPage\":{\"@id\":\"https:\/\/www.daxor.pl\/?page_id=3324#primaryimage\"},\"image\":{\"@id\":\"https:\/\/www.daxor.pl\/?page_id=3324#primaryimage\"},\"thumbnailUrl\":\"https:\/\/www.daxor.pl\/wp-content\/uploads\/2020\/10\/ksztaltki-300x100.png\",\"datePublished\":\"2020-10-08T10:34:33+00:00\",\"dateModified\":\"2020-10-19T17:47:24+00:00\",\"breadcrumb\":{\"@id\":\"https:\/\/www.daxor.pl\/?page_id=3324#breadcrumb\"},\"inLanguage\":\"pl-PL\",\"potentialAction\":[{\"@type\":\"ReadAction\",\"target\":[\"https:\/\/www.daxor.pl\/?page_id=3324\"]}]},{\"@type\":\"ImageObject\",\"inLanguage\":\"pl-PL\",\"@id\":\"https:\/\/www.daxor.pl\/?page_id=3324#primaryimage\",\"url\":\"https:\/\/www.daxor.pl\/wp-content\/uploads\/2020\/10\/ksztaltki.png\",\"contentUrl\":\"https:\/\/www.daxor.pl\/wp-content\/uploads\/2020\/10\/ksztaltki.png\",\"width\":406,\"height\":135},{\"@type\":\"BreadcrumbList\",\"@id\":\"https:\/\/www.daxor.pl\/?page_id=3324#breadcrumb\",\"itemListElement\":[{\"@type\":\"ListItem\",\"position\":1,\"name\":\"Strona g\u0142\u00f3wna\",\"item\":\"https:\/\/www.daxor.pl\/\"},{\"@type\":\"ListItem\",\"position\":2,\"name\":\"Strona g\u0142\u00f3wna\",\"item\":\"https:\/\/www.daxor.pl\/\"},{\"@type\":\"ListItem\",\"position\":3,\"name\":\"Oferta\",\"item\":\"https:\/\/www.daxor.pl\/?page_id=1317\"},{\"@type\":\"ListItem\",\"position\":4,\"name\":\"Przy\u0142\u0105cza pr\u0105dowe\",\"item\":\"https:\/\/www.daxor.pl\/?page_id=1405\"},{\"@type\":\"ListItem\",\"position\":5,\"name\":\"Kszta\u0142tki i z\u0142\u0105cza do maszyn i pojazd\u00f3w\"}]},{\"@type\":\"WebSite\",\"@id\":\"https:\/\/www.daxor.pl\/#website\",\"url\":\"https:\/\/www.daxor.pl\/\",\"name\":\"Daxor\",\"description\":\"Dostawa i dob\u00f3r najlepszych cz\u0119\u015bci na potrzeby produkcji, utrzymania ruchu oraz remont\u00f3w\",\"publisher\":{\"@id\":\"https:\/\/www.daxor.pl\/#organization\"},\"potentialAction\":[{\"@type\":\"SearchAction\",\"target\":{\"@type\":\"EntryPoint\",\"urlTemplate\":\"https:\/\/www.daxor.pl\/?s={search_term_string}\"},\"query-input\":{\"@type\":\"PropertyValueSpecification\",\"valueRequired\":true,\"valueName\":\"search_term_string\"}}],\"inLanguage\":\"pl-PL\"},{\"@type\":\"Organization\",\"@id\":\"https:\/\/www.daxor.pl\/#organization\",\"name\":\"Daxor\",\"url\":\"https:\/\/www.daxor.pl\/\",\"logo\":{\"@type\":\"ImageObject\",\"inLanguage\":\"pl-PL\",\"@id\":\"https:\/\/www.daxor.pl\/#\/schema\/logo\/image\/\",\"url\":\"https:\/\/www.daxor.pl\/wp-content\/uploads\/2020\/09\/logo_white.png\",\"contentUrl\":\"https:\/\/www.daxor.pl\/wp-content\/uploads\/2020\/09\/logo_white.png\",\"width\":188,\"height\":60,\"caption\":\"Daxor\"},\"image\":{\"@id\":\"https:\/\/www.daxor.pl\/#\/schema\/logo\/image\/\"}}]}<\/script>\n<!-- \/ Yoast SEO plugin. -->","yoast_head_json":{"title":"Kszta\u0142tki i z\u0142\u0105cza do maszyn i pojazd\u00f3w - Daxor","robots":{"index":"index","follow":"follow","max-snippet":"max-snippet:-1","max-image-preview":"max-image-preview:large","max-video-preview":"max-video-preview:-1"},"canonical":"https:\/\/www.daxor.pl\/?page_id=3324","og_locale":"pl_PL","og_type":"article","og_title":"Kszta\u0142tki i z\u0142\u0105cza do maszyn i pojazd\u00f3w - Daxor","og_description":"Przy\u0142\u0105cza pr\u0105dowe Kszta\u0142tki i z\u0142\u0105cza do maszyn i pojazd\u00f3w Dostarczamy kszta\u0142tki i z\u0142\u0105cza zar\u00f3wno w ma\u0142ych jak i du\u017cych seriach z metali nie\u017celaznych takich jak mied\u017a, mosi\u0105dz czy aluminium. Produkujemy szerok\u0105 gam\u0119 indywidualnych z\u0142\u0105czek i kszta\u0142tek do budowy maszyn i pojazd\u00f3w, dla przemys\u0142u energetycznego i konstrukcji rozdzielnic. Produkcja mo\u017ce zosta\u0107 rozpocz\u0119ta na podstawie dostarczonych wzor\u00f3w [&hellip;]","og_url":"https:\/\/www.daxor.pl\/?page_id=3324","og_site_name":"Daxor","article_modified_time":"2020-10-19T17:47:24+00:00","og_image":[{"url":"https:\/\/www.daxor.pl\/wp-content\/uploads\/2020\/10\/ksztaltki-300x100.png","type":"","width":"","height":""}],"twitter_card":"summary_large_image","schema":{"@context":"https:\/\/schema.org","@graph":[{"@type":"WebPage","@id":"https:\/\/www.daxor.pl\/?page_id=3324","url":"https:\/\/www.daxor.pl\/?page_id=3324","name":"Kszta\u0142tki i z\u0142\u0105cza do maszyn i pojazd\u00f3w - Daxor","isPartOf":{"@id":"https:\/\/www.daxor.pl\/#website"},"primaryImageOfPage":{"@id":"https:\/\/www.daxor.pl\/?page_id=3324#primaryimage"},"image":{"@id":"https:\/\/www.daxor.pl\/?page_id=3324#primaryimage"},"thumbnailUrl":"https:\/\/www.daxor.pl\/wp-content\/uploads\/2020\/10\/ksztaltki-300x100.png","datePublished":"2020-10-08T10:34:33+00:00","dateModified":"2020-10-19T17:47:24+00:00","breadcrumb":{"@id":"https:\/\/www.daxor.pl\/?page_id=3324#breadcrumb"},"inLanguage":"pl-PL","potentialAction":[{"@type":"ReadAction","target":["https:\/\/www.daxor.pl\/?page_id=3324"]}]},{"@type":"ImageObject","inLanguage":"pl-PL","@id":"https:\/\/www.daxor.pl\/?page_id=3324#primaryimage","url":"https:\/\/www.daxor.pl\/wp-content\/uploads\/2020\/10\/ksztaltki.png","contentUrl":"https:\/\/www.daxor.pl\/wp-content\/uploads\/2020\/10\/ksztaltki.png","width":406,"height":135},{"@type":"BreadcrumbList","@id":"https:\/\/www.daxor.pl\/?page_id=3324#breadcrumb","itemListElement":[{"@type":"ListItem","position":1,"name":"Strona g\u0142\u00f3wna","item":"https:\/\/www.daxor.pl\/"},{"@type":"ListItem","position":2,"name":"Strona g\u0142\u00f3wna","item":"https:\/\/www.daxor.pl\/"},{"@type":"ListItem","position":3,"name":"Oferta","item":"https:\/\/www.daxor.pl\/?page_id=1317"},{"@type":"ListItem","position":4,"name":"Przy\u0142\u0105cza pr\u0105dowe","item":"https:\/\/www.daxor.pl\/?page_id=1405"},{"@type":"ListItem","position":5,"name":"Kszta\u0142tki i z\u0142\u0105cza do maszyn i pojazd\u00f3w"}]},{"@type":"WebSite","@id":"https:\/\/www.daxor.pl\/#website","url":"https:\/\/www.daxor.pl\/","name":"Daxor","description":"Dostawa i dob\u00f3r najlepszych cz\u0119\u015bci na potrzeby produkcji, utrzymania ruchu oraz remont\u00f3w","publisher":{"@id":"https:\/\/www.daxor.pl\/#organization"},"potentialAction":[{"@type":"SearchAction","target":{"@type":"EntryPoint","urlTemplate":"https:\/\/www.daxor.pl\/?s={search_term_string}"},"query-input":{"@type":"PropertyValueSpecification","valueRequired":true,"valueName":"search_term_string"}}],"inLanguage":"pl-PL"},{"@type":"Organization","@id":"https:\/\/www.daxor.pl\/#organization","name":"Daxor","url":"https:\/\/www.daxor.pl\/","logo":{"@type":"ImageObject","inLanguage":"pl-PL","@id":"https:\/\/www.daxor.pl\/#\/schema\/logo\/image\/","url":"https:\/\/www.daxor.pl\/wp-content\/uploads\/2020\/09\/logo_white.png","contentUrl":"https:\/\/www.daxor.pl\/wp-content\/uploads\/2020\/09\/logo_white.png","width":188,"height":60,"caption":"Daxor"},"image":{"@id":"https:\/\/www.daxor.pl\/#\/schema\/logo\/image\/"}}]}},"_links":{"self":[{"href":"https:\/\/www.daxor.pl\/index.php?rest_route=\/wp\/v2\/pages\/3324","targetHints":{"allow":["GET"]}}],"collection":[{"href":"https:\/\/www.daxor.pl\/index.php?rest_route=\/wp\/v2\/pages"}],"about":[{"href":"https:\/\/www.daxor.pl\/index.php?rest_route=\/wp\/v2\/types\/page"}],"author":[{"embeddable":true,"href":"https:\/\/www.daxor.pl\/index.php?rest_route=\/wp\/v2\/users\/1"}],"replies":[{"embeddable":true,"href":"https:\/\/www.daxor.pl\/index.php?rest_route=%2Fwp%2Fv2%2Fcomments&post=3324"}],"version-history":[{"count":3,"href":"https:\/\/www.daxor.pl\/index.php?rest_route=\/wp\/v2\/pages\/3324\/revisions"}],"predecessor-version":[{"id":3565,"href":"https:\/\/www.daxor.pl\/index.php?rest_route=\/wp\/v2\/pages\/3324\/revisions\/3565"}],"up":[{"embeddable":true,"href":"https:\/\/www.daxor.pl\/index.php?rest_route=\/wp\/v2\/pages\/1405"}],"wp:attachment":[{"href":"https:\/\/www.daxor.pl\/index.php?rest_route=%2Fwp%2Fv2%2Fmedia&parent=3324"}],"curies":[{"name":"wp","href":"https:\/\/api.w.org\/{rel}","templated":true}]}}